{"id":5873,"date":"2025-09-24T19:45:23","date_gmt":"2025-09-24T19:45:23","guid":{"rendered":"https:\/\/modest-napier.216-250-124-103.plesk.page\/index.php\/producto\/polvo-levadura-de-cerveza-c-500-gr-margarita-natural\/"},"modified":"2025-09-24T20:45:53","modified_gmt":"2025-09-24T20:45:53","slug":"polvo-levadura-de-cerveza-c-500-gr-margarita-natural","status":"publish","type":"product","link":"https:\/\/modest-napier.216-250-124-103.plesk.page\/index.php\/producto\/polvo-levadura-de-cerveza-c-500-gr-margarita-natural\/","title":{"rendered":"Levadura de Cerveza Polvo 500 g Margarita Natural"},"content":{"rendered":"<p data-mce-fragment=\"1\"><strong data-mce-fragment=\"1\">Descripci\u00f3n:<\/strong><\/p>\n<p>El suplemento de <strong>levadura de cerveza<\/strong> contiene todas las vitaminas del complejo B, entre ellas B1 o tiamina, B2 o riboflavina, B3 o niacina, B5 o \u00e1cido pantot\u00e9nico, B6 o piridoxina, B8 o biotina, \u00e1cido f\u00f3lico o B9 y cianocobalamina o B12. Tambi\u00e9n contiene minerales como selenio, hierro y calcio. Aporta una cantidad de energ\u00eda elevada. Contribuye a combatir astenia, falta\u00a0 de motivaci\u00f3n, anemias y d\u00e9ficits nutricionales.<\/p>\n<p data-mce-fragment=\"1\"><strong data-mce-fragment=\"1\">Modo de uso:<\/strong><\/p>\n<p data-mce-fragment=\"1\"><span>Tomar 1 cucharada sopera en adultos y una cafetera en ni\u00f1os\u00a03 veces al d\u00eda.<\/span><\/p>\n<p data-mce-fragment=\"1\"><strong data-mce-fragment=\"1\">Contenido:<\/strong><\/p>\n<p data-mce-fragment=\"1\">500 g.<\/p>\n","protected":false},"excerpt":{"rendered":"<p>Descripci\u00f3n: El suplemento de levadura de cerveza contiene todas las vitaminas del complejo B, entre ellas B1 o tiamina, B2 o riboflavina, B3 o niacina, B5 o \u00e1cido pantot\u00e9nico, B6 [&hellip;]<\/p>\n","protected":false},"featured_media":2414,"comment_status":"open","ping_status":"closed","template":"","meta":[],"product_brand":[524],"product_cat":[337,318,328],"product_tag":[184],"class_list":{"0":"post-5873","1":"product","2":"type-product","3":"status-publish","4":"has-post-thumbnail","6":"product_brand-margarita-natural","7":"product_cat-productos","8":"product_cat-salud","9":"product_cat-suplementos-naturales","10":"product_tag-levadura-de-cerveza","12":"first","13":"instock","14":"shipping-taxable","15":"purchasable","16":"product-type-simple"},"_links":{"self":[{"href":"https:\/\/modest-napier.216-250-124-103.plesk.page\/index.php\/wp-json\/wp\/v2\/product\/5873","targetHints":{"allow":["GET"]}}],"collection":[{"href":"https:\/\/modest-napier.216-250-124-103.plesk.page\/index.php\/wp-json\/wp\/v2\/product"}],"about":[{"href":"https:\/\/modest-napier.216-250-124-103.plesk.page\/index.php\/wp-json\/wp\/v2\/types\/product"}],"replies":[{"embeddable":true,"href":"https:\/\/modest-napier.216-250-124-103.plesk.page\/index.php\/wp-json\/wp\/v2\/comments?post=5873"}],"wp:featuredmedia":[{"embeddable":true,"href":"https:\/\/modest-napier.216-250-124-103.plesk.page\/index.php\/wp-json\/wp\/v2\/media\/2414"}],"wp:attachment":[{"href":"https:\/\/modest-napier.216-250-124-103.plesk.page\/index.php\/wp-json\/wp\/v2\/media?parent=5873"}],"wp:term":[{"taxonomy":"product_brand","embeddable":true,"href":"https:\/\/modest-napier.216-250-124-103.plesk.page\/index.php\/wp-json\/wp\/v2\/product_brand?post=5873"},{"taxonomy":"product_cat","embeddable":true,"href":"https:\/\/modest-napier.216-250-124-103.plesk.page\/index.php\/wp-json\/wp\/v2\/product_cat?post=5873"},{"taxonomy":"product_tag","embeddable":true,"href":"https:\/\/modest-napier.216-250-124-103.plesk.page\/index.php\/wp-json\/wp\/v2\/product_tag?post=5873"}],"curies":[{"name":"wp","href":"https:\/\/api.w.org\/{rel}","templated":true}]}}