{"id":5881,"date":"2025-09-24T19:49:49","date_gmt":"2025-09-24T19:49:49","guid":{"rendered":"https:\/\/modest-napier.216-250-124-103.plesk.page\/index.php\/producto\/polvo-para-preparar-leche-de-coco-500-gr-nolisan\/"},"modified":"2025-09-24T20:47:19","modified_gmt":"2025-09-24T20:47:19","slug":"polvo-para-preparar-leche-de-coco-500-gr-nolisan","status":"publish","type":"product","link":"https:\/\/modest-napier.216-250-124-103.plesk.page\/index.php\/producto\/polvo-para-preparar-leche-de-coco-500-gr-nolisan\/","title":{"rendered":"Polvo para preparar Leche de Coco 500 g Nolisan"},"content":{"rendered":"<p data-mce-fragment=\"1\"><span data-mce-fragment=\"1\">\u00a1Prepara una fresca y deliciosa leche de coco con este pr\u00e1ctico polvo! La leche de coco p<\/span>roporciona electrolitos y previene la fatiga\u200b, mejora la digesti\u00f3n y alivia el estre\u00f1imiento, controla los niveles de az\u00facar en la sangre y la diabetes, ayuda a prevenir la anemia, previene la inflamaci\u00f3n en las articulaciones y la artritis, previene las \u00falceras.<\/p>\n","protected":false},"excerpt":{"rendered":"<p>\u00a1Prepara una fresca y deliciosa leche de coco con este pr\u00e1ctico polvo! La leche de coco proporciona electrolitos y previene la fatiga\u200b, mejora la digesti\u00f3n y alivia el estre\u00f1imiento, controla [&hellip;]<\/p>\n","protected":false},"featured_media":2422,"comment_status":"open","ping_status":"closed","template":"","meta":[],"product_brand":[368],"product_cat":[336,305,308,337],"product_tag":[40,41],"class_list":{"0":"post-5881","1":"product","2":"type-product","3":"status-publish","4":"has-post-thumbnail","6":"product_brand-nolisan","7":"product_cat-celebra-el-verano-","8":"product_cat-leches-vegetales","9":"product_cat-nutricion","10":"product_cat-productos","11":"product_tag-celebra-el-verano","12":"product_tag-coco","14":"first","15":"instock","16":"shipping-taxable","17":"purchasable","18":"product-type-simple"},"_links":{"self":[{"href":"https:\/\/modest-napier.216-250-124-103.plesk.page\/index.php\/wp-json\/wp\/v2\/product\/5881","targetHints":{"allow":["GET"]}}],"collection":[{"href":"https:\/\/modest-napier.216-250-124-103.plesk.page\/index.php\/wp-json\/wp\/v2\/product"}],"about":[{"href":"https:\/\/modest-napier.216-250-124-103.plesk.page\/index.php\/wp-json\/wp\/v2\/types\/product"}],"replies":[{"embeddable":true,"href":"https:\/\/modest-napier.216-250-124-103.plesk.page\/index.php\/wp-json\/wp\/v2\/comments?post=5881"}],"wp:featuredmedia":[{"embeddable":true,"href":"https:\/\/modest-napier.216-250-124-103.plesk.page\/index.php\/wp-json\/wp\/v2\/media\/2422"}],"wp:attachment":[{"href":"https:\/\/modest-napier.216-250-124-103.plesk.page\/index.php\/wp-json\/wp\/v2\/media?parent=5881"}],"wp:term":[{"taxonomy":"product_brand","embeddable":true,"href":"https:\/\/modest-napier.216-250-124-103.plesk.page\/index.php\/wp-json\/wp\/v2\/product_brand?post=5881"},{"taxonomy":"product_cat","embeddable":true,"href":"https:\/\/modest-napier.216-250-124-103.plesk.page\/index.php\/wp-json\/wp\/v2\/product_cat?post=5881"},{"taxonomy":"product_tag","embeddable":true,"href":"https:\/\/modest-napier.216-250-124-103.plesk.page\/index.php\/wp-json\/wp\/v2\/product_tag?post=5881"}],"curies":[{"name":"wp","href":"https:\/\/api.w.org\/{rel}","templated":true}]}}