{"id":5886,"date":"2025-09-24T19:49:58","date_gmt":"2025-09-24T19:49:58","guid":{"rendered":"https:\/\/modest-napier.216-250-124-103.plesk.page\/index.php\/producto\/pomada-ajo-negro-250grs\/"},"modified":"2025-09-24T20:46:03","modified_gmt":"2025-09-24T20:46:03","slug":"pomada-ajo-negro-250grs","status":"publish","type":"product","link":"https:\/\/modest-napier.216-250-124-103.plesk.page\/index.php\/producto\/pomada-ajo-negro-250grs\/","title":{"rendered":"Pomada de Ajo Negro 250 g"},"content":{"rendered":"<p><strong>Descripci\u00f3n:<\/strong><\/p>\n<p><span>La <strong>pomada de ajo negro<\/strong> es auxiliar para el tratamiento de padecimietos como: a<\/span>cn\u00e9, infecciones, irritaciones, v\u00e1rices, picaduras de insectos. Puede ayudar\u00a0a suavizar los pies y talones. Puede ayudar a descongestionar el pecho.\u00a0<\/p>\n<p><strong>Modo de uso:<\/strong><\/p>\n<p>Aplicar en el \u00e1rea afectada.<\/p>\n<p><strong>Contenido:<\/strong><\/p>\n<p>250 g.<\/p>\n","protected":false},"excerpt":{"rendered":"<p>Descripci\u00f3n: La pomada de ajo negro es auxiliar para el tratamiento de padecimietos como: acn\u00e9, infecciones, irritaciones, v\u00e1rices, picaduras de insectos. Puede ayudar\u00a0a suavizar los pies y talones. Puede ayudar [&hellip;]<\/p>\n","protected":false},"featured_media":2429,"comment_status":"open","ping_status":"closed","template":"","meta":[],"product_brand":[352],"product_cat":[285,289,337,318],"product_tag":[75],"class_list":{"0":"post-5886","1":"product","2":"type-product","3":"status-publish","4":"has-post-thumbnail","6":"product_brand-natuzem","7":"product_cat-ajo-negro","8":"product_cat-belleza","9":"product_cat-productos","10":"product_cat-salud","11":"product_tag-ajo-negro","13":"first","14":"instock","15":"shipping-taxable","16":"purchasable","17":"product-type-simple"},"_links":{"self":[{"href":"https:\/\/modest-napier.216-250-124-103.plesk.page\/index.php\/wp-json\/wp\/v2\/product\/5886","targetHints":{"allow":["GET"]}}],"collection":[{"href":"https:\/\/modest-napier.216-250-124-103.plesk.page\/index.php\/wp-json\/wp\/v2\/product"}],"about":[{"href":"https:\/\/modest-napier.216-250-124-103.plesk.page\/index.php\/wp-json\/wp\/v2\/types\/product"}],"replies":[{"embeddable":true,"href":"https:\/\/modest-napier.216-250-124-103.plesk.page\/index.php\/wp-json\/wp\/v2\/comments?post=5886"}],"wp:featuredmedia":[{"embeddable":true,"href":"https:\/\/modest-napier.216-250-124-103.plesk.page\/index.php\/wp-json\/wp\/v2\/media\/2429"}],"wp:attachment":[{"href":"https:\/\/modest-napier.216-250-124-103.plesk.page\/index.php\/wp-json\/wp\/v2\/media?parent=5886"}],"wp:term":[{"taxonomy":"product_brand","embeddable":true,"href":"https:\/\/modest-napier.216-250-124-103.plesk.page\/index.php\/wp-json\/wp\/v2\/product_brand?post=5886"},{"taxonomy":"product_cat","embeddable":true,"href":"https:\/\/modest-napier.216-250-124-103.plesk.page\/index.php\/wp-json\/wp\/v2\/product_cat?post=5886"},{"taxonomy":"product_tag","embeddable":true,"href":"https:\/\/modest-napier.216-250-124-103.plesk.page\/index.php\/wp-json\/wp\/v2\/product_tag?post=5886"}],"curies":[{"name":"wp","href":"https:\/\/api.w.org\/{rel}","templated":true}]}}