{"id":5922,"date":"2025-09-24T19:50:50","date_gmt":"2025-09-24T19:50:50","guid":{"rendered":"https:\/\/modest-napier.216-250-124-103.plesk.page\/index.php\/producto\/pomada-super-crema-milagro-c-250-gr-fr-francisco\/"},"modified":"2025-09-24T20:43:53","modified_gmt":"2025-09-24T20:43:53","slug":"pomada-super-crema-milagro-c-250-gr-fr-francisco","status":"publish","type":"product","link":"https:\/\/modest-napier.216-250-124-103.plesk.page\/index.php\/producto\/pomada-super-crema-milagro-c-250-gr-fr-francisco\/","title":{"rendered":"Pomada Super Crema Milagro 250 g Fr Francisco"},"content":{"rendered":"<p><strong>Descripci\u00f3n: <\/strong><\/p>\n<p>La <strong>Super Crema Milagro<\/strong> es auxiliar para reumas, v\u00e1rices, flebitis, hongos, bronquitis, catarro, golpes, pies cansados, mala circulaci\u00f3n, arrugas, callos, pie de atleta y herpes. Suaviza y humecta la pie.<\/p>\n<p data-mce-fragment=\"1\"><strong data-mce-fragment=\"1\">Ingredientes:<\/strong><\/p>\n<p data-mce-fragment=\"1\">\u00c1rnica, Eucalipto, Alcanfor, Mentol<\/p>\n<p><strong>Modo de uso:<\/strong><\/p>\n<p>Aplicar en el \u00e1rea afectada cuantas veces sea necesario.<\/p>\n<p><strong>Contenido:<\/strong><\/p>\n<p>250 gr.<\/p>\n","protected":false},"excerpt":{"rendered":"<p>Descripci\u00f3n: La Super Crema Milagro es auxiliar para reumas, v\u00e1rices, flebitis, hongos, bronquitis, catarro, golpes, pies cansados, mala circulaci\u00f3n, arrugas, callos, pie de atleta y herpes. Suaviza y humecta la [&hellip;]<\/p>\n","protected":false},"featured_media":2467,"comment_status":"open","ping_status":"closed","template":"","meta":[],"product_brand":[474],"product_cat":[337,318],"product_tag":[265,28,64,217],"class_list":{"0":"post-5922","1":"product","2":"type-product","3":"status-publish","4":"has-post-thumbnail","6":"product_brand-fr-francisco","7":"product_cat-productos","8":"product_cat-salud","9":"product_tag-alcanfor","10":"product_tag-arnica","11":"product_tag-eucalipto","12":"product_tag-mentol","14":"first","15":"instock","16":"shipping-taxable","17":"purchasable","18":"product-type-simple"},"_links":{"self":[{"href":"https:\/\/modest-napier.216-250-124-103.plesk.page\/index.php\/wp-json\/wp\/v2\/product\/5922","targetHints":{"allow":["GET"]}}],"collection":[{"href":"https:\/\/modest-napier.216-250-124-103.plesk.page\/index.php\/wp-json\/wp\/v2\/product"}],"about":[{"href":"https:\/\/modest-napier.216-250-124-103.plesk.page\/index.php\/wp-json\/wp\/v2\/types\/product"}],"replies":[{"embeddable":true,"href":"https:\/\/modest-napier.216-250-124-103.plesk.page\/index.php\/wp-json\/wp\/v2\/comments?post=5922"}],"wp:featuredmedia":[{"embeddable":true,"href":"https:\/\/modest-napier.216-250-124-103.plesk.page\/index.php\/wp-json\/wp\/v2\/media\/2467"}],"wp:attachment":[{"href":"https:\/\/modest-napier.216-250-124-103.plesk.page\/index.php\/wp-json\/wp\/v2\/media?parent=5922"}],"wp:term":[{"taxonomy":"product_brand","embeddable":true,"href":"https:\/\/modest-napier.216-250-124-103.plesk.page\/index.php\/wp-json\/wp\/v2\/product_brand?post=5922"},{"taxonomy":"product_cat","embeddable":true,"href":"https:\/\/modest-napier.216-250-124-103.plesk.page\/index.php\/wp-json\/wp\/v2\/product_cat?post=5922"},{"taxonomy":"product_tag","embeddable":true,"href":"https:\/\/modest-napier.216-250-124-103.plesk.page\/index.php\/wp-json\/wp\/v2\/product_tag?post=5922"}],"curies":[{"name":"wp","href":"https:\/\/api.w.org\/{rel}","templated":true}]}}