{"id":5926,"date":"2025-09-24T19:50:55","date_gmt":"2025-09-24T19:50:55","guid":{"rendered":"https:\/\/modest-napier.216-250-124-103.plesk.page\/index.php\/producto\/proteina-enersoy-malteada-de-fresa-500-gr-salud-natural\/"},"modified":"2025-09-24T20:47:17","modified_gmt":"2025-09-24T20:47:17","slug":"proteina-enersoy-malteada-de-fresa-500-gr-salud-natural","status":"publish","type":"product","link":"https:\/\/modest-napier.216-250-124-103.plesk.page\/index.php\/producto\/proteina-enersoy-malteada-de-fresa-500-gr-salud-natural\/","title":{"rendered":"Enersoy Malteada de Fresa 500 g Salud Natural"},"content":{"rendered":"<p data-mce-fragment=\"1\"><span data-mce-fragment=\"1\">\u00a1Conoce la <\/span><strong data-mce-fragment=\"1\">malteada de prote\u00edna Enersoy<\/strong><span data-mce-fragment=\"1\">, sabor fresa!\u00a0<\/span>Ideal para diab\u00e9ticos, ideal para ni\u00f1os, ayuda a bajar de peso, ayuda a tonificar tu cuerpo, ayuda a la quema de grasa, proporciona energ\u00eda durante el d\u00eda, ayuda a la ansiedad por comer y ayuda a controlar el apetito.<a href=\"#more\"><\/a><strong data-mce-fragment=\"1\"><\/strong><\/p>\n","protected":false},"excerpt":{"rendered":"<p>\u00a1Conoce la malteada de prote\u00edna Enersoy, sabor fresa!\u00a0Ideal para diab\u00e9ticos, ideal para ni\u00f1os, ayuda a bajar de peso, ayuda a tonificar tu cuerpo, ayuda a la quema de grasa, proporciona [&hellip;]<\/p>\n","protected":false},"featured_media":2471,"comment_status":"open","ping_status":"closed","template":"","meta":[],"product_brand":[579],"product_cat":[308,337,316],"product_tag":[258],"class_list":{"0":"post-5926","1":"product","2":"type-product","3":"status-publish","4":"has-post-thumbnail","6":"product_brand-salud-natural","7":"product_cat-nutricion","8":"product_cat-productos","9":"product_cat-proteinas","10":"product_tag-soya","12":"first","13":"instock","14":"shipping-taxable","15":"purchasable","16":"product-type-simple"},"_links":{"self":[{"href":"https:\/\/modest-napier.216-250-124-103.plesk.page\/index.php\/wp-json\/wp\/v2\/product\/5926","targetHints":{"allow":["GET"]}}],"collection":[{"href":"https:\/\/modest-napier.216-250-124-103.plesk.page\/index.php\/wp-json\/wp\/v2\/product"}],"about":[{"href":"https:\/\/modest-napier.216-250-124-103.plesk.page\/index.php\/wp-json\/wp\/v2\/types\/product"}],"replies":[{"embeddable":true,"href":"https:\/\/modest-napier.216-250-124-103.plesk.page\/index.php\/wp-json\/wp\/v2\/comments?post=5926"}],"wp:featuredmedia":[{"embeddable":true,"href":"https:\/\/modest-napier.216-250-124-103.plesk.page\/index.php\/wp-json\/wp\/v2\/media\/2471"}],"wp:attachment":[{"href":"https:\/\/modest-napier.216-250-124-103.plesk.page\/index.php\/wp-json\/wp\/v2\/media?parent=5926"}],"wp:term":[{"taxonomy":"product_brand","embeddable":true,"href":"https:\/\/modest-napier.216-250-124-103.plesk.page\/index.php\/wp-json\/wp\/v2\/product_brand?post=5926"},{"taxonomy":"product_cat","embeddable":true,"href":"https:\/\/modest-napier.216-250-124-103.plesk.page\/index.php\/wp-json\/wp\/v2\/product_cat?post=5926"},{"taxonomy":"product_tag","embeddable":true,"href":"https:\/\/modest-napier.216-250-124-103.plesk.page\/index.php\/wp-json\/wp\/v2\/product_tag?post=5926"}],"curies":[{"name":"wp","href":"https:\/\/api.w.org\/{rel}","templated":true}]}}