{"id":5934,"date":"2025-09-24T19:51:05","date_gmt":"2025-09-24T19:51:05","guid":{"rendered":"https:\/\/modest-napier.216-250-124-103.plesk.page\/index.php\/producto\/revital-morado-clasico-c-250-ml-el-amor-de-mis-saboreseliminado\/"},"modified":"2025-09-24T19:51:06","modified_gmt":"2025-09-24T19:51:06","slug":"revital-morado-clasico-c-250-ml-el-amor-de-mis-saboreseliminado","status":"publish","type":"product","link":"https:\/\/modest-napier.216-250-124-103.plesk.page\/index.php\/producto\/revital-morado-clasico-c-250-ml-el-amor-de-mis-saboreseliminado\/","title":{"rendered":"REVITAL MORADO CLASICO C\/250 ML EL AMOR DE MIS SABORES(ELIMINADO)"},"content":{"rendered":"<p data-mce-fragment=\"1\"><strong data-mce-fragment=\"1\">Descripci\u00f3n:<\/strong><\/p>\n<p>S\u00faper Alimento que es un gran aliado a la salud ya que refuerza el sistema inmunol\u00f3gico, ayuda a disminuir los niveles de colesterol en sangre, favorece la digesti\u00f3n adem\u00e1s de que gracias a su formulaci\u00f3n ayudara a prevenir diferentes padecimientos.<\/p>\n<p><strong>Modo de uso:<\/strong><\/p>\n<p>Dos tomas al d\u00eda: 15g por la ma\u00f1ana y 15g por la tarde.<\/p>\n<p data-mce-fragment=\"1\"><strong data-mce-fragment=\"1\">Contenido:<\/strong><\/p>\n<p data-mce-fragment=\"1\">250 ML.<\/p>\n","protected":false},"excerpt":{"rendered":"<p>Descripci\u00f3n: S\u00faper Alimento que es un gran aliado a la salud ya que refuerza el sistema inmunol\u00f3gico, ayuda a disminuir los niveles de colesterol en sangre, favorece la digesti\u00f3n adem\u00e1s [&hellip;]<\/p>\n","protected":false},"featured_media":2480,"comment_status":"open","ping_status":"closed","template":"","meta":[],"product_brand":[],"product_cat":[337],"product_tag":[],"class_list":{"0":"post-5934","1":"product","2":"type-product","3":"status-publish","4":"has-post-thumbnail","6":"product_cat-productos","8":"first","9":"outofstock","10":"shipping-taxable","11":"purchasable","12":"product-type-simple"},"_links":{"self":[{"href":"https:\/\/modest-napier.216-250-124-103.plesk.page\/index.php\/wp-json\/wp\/v2\/product\/5934","targetHints":{"allow":["GET"]}}],"collection":[{"href":"https:\/\/modest-napier.216-250-124-103.plesk.page\/index.php\/wp-json\/wp\/v2\/product"}],"about":[{"href":"https:\/\/modest-napier.216-250-124-103.plesk.page\/index.php\/wp-json\/wp\/v2\/types\/product"}],"replies":[{"embeddable":true,"href":"https:\/\/modest-napier.216-250-124-103.plesk.page\/index.php\/wp-json\/wp\/v2\/comments?post=5934"}],"wp:featuredmedia":[{"embeddable":true,"href":"https:\/\/modest-napier.216-250-124-103.plesk.page\/index.php\/wp-json\/wp\/v2\/media\/2480"}],"wp:attachment":[{"href":"https:\/\/modest-napier.216-250-124-103.plesk.page\/index.php\/wp-json\/wp\/v2\/media?parent=5934"}],"wp:term":[{"taxonomy":"product_brand","embeddable":true,"href":"https:\/\/modest-napier.216-250-124-103.plesk.page\/index.php\/wp-json\/wp\/v2\/product_brand?post=5934"},{"taxonomy":"product_cat","embeddable":true,"href":"https:\/\/modest-napier.216-250-124-103.plesk.page\/index.php\/wp-json\/wp\/v2\/product_cat?post=5934"},{"taxonomy":"product_tag","embeddable":true,"href":"https:\/\/modest-napier.216-250-124-103.plesk.page\/index.php\/wp-json\/wp\/v2\/product_tag?post=5934"}],"curies":[{"name":"wp","href":"https:\/\/api.w.org\/{rel}","templated":true}]}}