{"id":5938,"date":"2025-09-24T19:51:15","date_gmt":"2025-09-24T19:51:15","guid":{"rendered":"https:\/\/modest-napier.216-250-124-103.plesk.page\/index.php\/producto\/rimel-cristal-4-en-1-18-gr-prosa\/"},"modified":"2025-09-24T20:46:02","modified_gmt":"2025-09-24T20:46:02","slug":"rimel-cristal-4-en-1-18-gr-prosa","status":"publish","type":"product","link":"https:\/\/modest-napier.216-250-124-103.plesk.page\/index.php\/producto\/rimel-cristal-4-en-1-18-gr-prosa\/","title":{"rendered":"R\u00edmel Crystal Protein Gel 4 en uno 18g Prosa"},"content":{"rendered":"<p data-mce-fragment=\"1\"><strong data-mce-fragment=\"1\">Descripci\u00f3n:<\/strong><\/p>\n<p data-mce-fragment=\"1\"><span>Dale cari\u00f1o a tus pesta\u00f1as con <strong>El R\u00edmel para pesta\u00f1as crystal protein gel de Prosa<\/strong>! El gel te ayudar\u00e1 a alargar y darle volumen a tus pesta\u00f1as. Puedes utilizarlo como primer o como tratamiento por las noches para fortalecer \u00a1s\u00f3lo tienes que aplicarlo como r\u00edmel!<\/span><\/p>\n<p data-mce-fragment=\"1\"><strong>Ingredientes:<\/strong><\/p>\n<p data-mce-fragment=\"1\"><span>Queratina y aloe vera.<\/span><\/p>\n<p data-mce-fragment=\"1\"><strong data-mce-fragment=\"1\">Modo de uso:<\/strong><\/p>\n<ul class=\"a-unordered-list a-vertical a-spacing-mini\">\n<li><span class=\"a-list-item\">Util\u00edzalo como base antes del r\u00edmel para lograr mayor volumen, o puedes aplicar en las pesta\u00f1as 1 o 2 capas para un look muy natural.<\/span><\/li>\n<li><span class=\"a-list-item\">En las cejas aplica una ligera capa para mantenerlas peinadas todo el d\u00eda.<\/span><\/li>\n<\/ul>\n<p data-mce-fragment=\"1\"><strong data-mce-fragment=\"1\">Contenido:<\/strong><\/p>\n<p data-mce-fragment=\"1\">18\u00a0g.<\/p>\n","protected":false},"excerpt":{"rendered":"<p>Descripci\u00f3n: Dale cari\u00f1o a tus pesta\u00f1as con El R\u00edmel para pesta\u00f1as crystal protein gel de Prosa! El gel te ayudar\u00e1 a alargar y darle volumen a tus pesta\u00f1as. Puedes utilizarlo [&hellip;]<\/p>\n","protected":false},"featured_media":2484,"comment_status":"open","ping_status":"closed","template":"","meta":[],"product_brand":[475],"product_cat":[289,291,337],"product_tag":[60],"class_list":{"0":"post-5938","1":"product","2":"type-product","3":"status-publish","4":"has-post-thumbnail","6":"product_brand-prosa","7":"product_cat-belleza","8":"product_cat-cosmeticos","9":"product_cat-productos","10":"product_tag-sabila","12":"first","13":"instock","14":"shipping-taxable","15":"purchasable","16":"product-type-simple"},"_links":{"self":[{"href":"https:\/\/modest-napier.216-250-124-103.plesk.page\/index.php\/wp-json\/wp\/v2\/product\/5938","targetHints":{"allow":["GET"]}}],"collection":[{"href":"https:\/\/modest-napier.216-250-124-103.plesk.page\/index.php\/wp-json\/wp\/v2\/product"}],"about":[{"href":"https:\/\/modest-napier.216-250-124-103.plesk.page\/index.php\/wp-json\/wp\/v2\/types\/product"}],"replies":[{"embeddable":true,"href":"https:\/\/modest-napier.216-250-124-103.plesk.page\/index.php\/wp-json\/wp\/v2\/comments?post=5938"}],"wp:featuredmedia":[{"embeddable":true,"href":"https:\/\/modest-napier.216-250-124-103.plesk.page\/index.php\/wp-json\/wp\/v2\/media\/2484"}],"wp:attachment":[{"href":"https:\/\/modest-napier.216-250-124-103.plesk.page\/index.php\/wp-json\/wp\/v2\/media?parent=5938"}],"wp:term":[{"taxonomy":"product_brand","embeddable":true,"href":"https:\/\/modest-napier.216-250-124-103.plesk.page\/index.php\/wp-json\/wp\/v2\/product_brand?post=5938"},{"taxonomy":"product_cat","embeddable":true,"href":"https:\/\/modest-napier.216-250-124-103.plesk.page\/index.php\/wp-json\/wp\/v2\/product_cat?post=5938"},{"taxonomy":"product_tag","embeddable":true,"href":"https:\/\/modest-napier.216-250-124-103.plesk.page\/index.php\/wp-json\/wp\/v2\/product_tag?post=5938"}],"curies":[{"name":"wp","href":"https:\/\/api.w.org\/{rel}","templated":true}]}}