{"id":5958,"date":"2025-09-24T19:51:51","date_gmt":"2025-09-24T19:51:51","guid":{"rendered":"https:\/\/modest-napier.216-250-124-103.plesk.page\/index.php\/producto\/shampoo-chile-c-500-ml-vidanat\/"},"modified":"2025-09-24T20:44:01","modified_gmt":"2025-09-24T20:44:01","slug":"shampoo-chile-c-500-ml-vidanat","status":"publish","type":"product","link":"https:\/\/modest-napier.216-250-124-103.plesk.page\/index.php\/producto\/shampoo-chile-c-500-ml-vidanat\/","title":{"rendered":"Shampoo de Chile 500 ml Vidanat"},"content":{"rendered":"<p>\u00a0<\/p>\n<p><strong>Descripci\u00f3n:\u00a0<\/strong><\/p>\n<p><span data-sheets-value='{\"1\":2,\"2\":\"Descripci\u00f3n:n Previene y combate la ca\u00edda del cabello. Debido a que estimula la circulaci\u00f3n sangu\u00ednea del cuero cabelludo, esto ayuda al mantenimiento y fortalecimiento del crecimiento capilar por su aportaci\u00f3n de ox\u00edgeno y nutrientes a los fol\u00edculos pilosos, acelera su crecimiento, controla la caspa y la seborrea, le da suavidad al cabello..n.nModo de uso:nnAplica una cantidad considerada y lava el cabello.. nnContenido:nn500 ml\"}' data-sheets-userformat='{\"2\":14913,\"3\":{\"1\":0},\"9\":1,\"12\":0,\"14\":{\"1\":2,\"2\":2173750},\"15\":\"Arial\",\"16\":9}'>Previene y combate la ca\u00edda del cabello. Debido a que <a href=\"https:\/\/natuzem.com\/blogs\/salud-natural\/chile-cuidado-del-cabello\">el chile estimula la circulaci\u00f3n sangu\u00ednea del cuero cabelludo<\/a>, esto ayuda al mantenimiento y fortalecimiento del crecimiento capilar por su aportaci\u00f3n de ox\u00edgeno y nutrientes a los fol\u00edculos pilosos, acelera su crecimiento, controla la caspa y la seborrea, le da suavidad al cabello.<\/p>\n<p><strong>Modo de uso:\u00a0<\/strong><\/span><\/p>\n<p><span data-sheets-value='{\"1\":2,\"2\":\"Descripci\u00f3n:n Previene y combate la ca\u00edda del cabello. Debido a que estimula la circulaci\u00f3n sangu\u00ednea del cuero cabelludo, esto ayuda al mantenimiento y fortalecimiento del crecimiento capilar por su aportaci\u00f3n de ox\u00edgeno y nutrientes a los fol\u00edculos pilosos, acelera su crecimiento, controla la caspa y la seborrea, le da suavidad al cabello..n.nModo de uso:nnAplica una cantidad considerada y lava el cabello.. nnContenido:nn500 ml\"}' data-sheets-userformat='{\"2\":14913,\"3\":{\"1\":0},\"9\":1,\"12\":0,\"14\":{\"1\":2,\"2\":2173750},\"15\":\"Arial\",\"16\":9}'>Aplica una cantidad considerada y lava el cabello.<\/p>\n<p><strong>Contenido:\u00a0<\/strong><\/span><\/p>\n<p><span data-sheets-value='{\"1\":2,\"2\":\"Descripci\u00f3n:n Previene y combate la ca\u00edda del cabello. Debido a que estimula la circulaci\u00f3n sangu\u00ednea del cuero cabelludo, esto ayuda al mantenimiento y fortalecimiento del crecimiento capilar por su aportaci\u00f3n de ox\u00edgeno y nutrientes a los fol\u00edculos pilosos, acelera su crecimiento, controla la caspa y la seborrea, le da suavidad al cabello..n.nModo de uso:nnAplica una cantidad considerada y lava el cabello.. nnContenido:nn500 ml\"}' data-sheets-userformat='{\"2\":14913,\"3\":{\"1\":0},\"9\":1,\"12\":0,\"14\":{\"1\":2,\"2\":2173750},\"15\":\"Arial\",\"16\":9}'>500 ml<\/span><\/p>\n","protected":false},"excerpt":{"rendered":"<p>\u00a0 Descripci\u00f3n:\u00a0 Previene y combate la ca\u00edda del cabello. Debido a que el chile estimula la circulaci\u00f3n sangu\u00ednea del cuero cabelludo, esto ayuda al mantenimiento y fortalecimiento del crecimiento capilar [&hellip;]<\/p>\n","protected":false},"featured_media":2507,"comment_status":"open","ping_status":"closed","template":"","meta":[],"product_brand":[354],"product_cat":[289,337,318,325],"product_tag":[245],"class_list":{"0":"post-5958","1":"product","2":"type-product","3":"status-publish","4":"has-post-thumbnail","6":"product_brand-vidanat","7":"product_cat-belleza","8":"product_cat-productos","9":"product_cat-salud","10":"product_cat-shampoos-y-acondicionadores","11":"product_tag-chile","13":"first","14":"instock","15":"shipping-taxable","16":"purchasable","17":"product-type-simple"},"_links":{"self":[{"href":"https:\/\/modest-napier.216-250-124-103.plesk.page\/index.php\/wp-json\/wp\/v2\/product\/5958","targetHints":{"allow":["GET"]}}],"collection":[{"href":"https:\/\/modest-napier.216-250-124-103.plesk.page\/index.php\/wp-json\/wp\/v2\/product"}],"about":[{"href":"https:\/\/modest-napier.216-250-124-103.plesk.page\/index.php\/wp-json\/wp\/v2\/types\/product"}],"replies":[{"embeddable":true,"href":"https:\/\/modest-napier.216-250-124-103.plesk.page\/index.php\/wp-json\/wp\/v2\/comments?post=5958"}],"wp:featuredmedia":[{"embeddable":true,"href":"https:\/\/modest-napier.216-250-124-103.plesk.page\/index.php\/wp-json\/wp\/v2\/media\/2507"}],"wp:attachment":[{"href":"https:\/\/modest-napier.216-250-124-103.plesk.page\/index.php\/wp-json\/wp\/v2\/media?parent=5958"}],"wp:term":[{"taxonomy":"product_brand","embeddable":true,"href":"https:\/\/modest-napier.216-250-124-103.plesk.page\/index.php\/wp-json\/wp\/v2\/product_brand?post=5958"},{"taxonomy":"product_cat","embeddable":true,"href":"https:\/\/modest-napier.216-250-124-103.plesk.page\/index.php\/wp-json\/wp\/v2\/product_cat?post=5958"},{"taxonomy":"product_tag","embeddable":true,"href":"https:\/\/modest-napier.216-250-124-103.plesk.page\/index.php\/wp-json\/wp\/v2\/product_tag?post=5958"}],"curies":[{"name":"wp","href":"https:\/\/api.w.org\/{rel}","templated":true}]}}