{"id":5976,"date":"2025-09-24T19:52:24","date_gmt":"2025-09-24T19:52:24","guid":{"rendered":"https:\/\/modest-napier.216-250-124-103.plesk.page\/index.php\/producto\/shampoo-don-barbon-c-1l-natural-life\/"},"modified":"2025-09-24T20:44:08","modified_gmt":"2025-09-24T20:44:08","slug":"shampoo-don-barbon-c-1l-natural-life","status":"publish","type":"product","link":"https:\/\/modest-napier.216-250-124-103.plesk.page\/index.php\/producto\/shampoo-don-barbon-c-1l-natural-life\/","title":{"rendered":"Shampoo Don Barb\u00f3n con Minoxidil 15% 1 litro"},"content":{"rendered":"<p><span data-mce-fragment=\"1\">El shampoo Don Barb\u00f3n acelera el crecimiento y da fuerza capilar gracias a la concentraci\u00f3n de <a href=\"https:\/\/natuzem.com\/blogs\/salud-natural\/minoxidil-crecimiento-capilar\">minoxidil<\/a> de 15%, bergamota, biotina, col\u00e1geno y copalqu\u00edn.<\/span><span data-mce-fragment=\"1\"><\/span><\/p>\n","protected":false},"excerpt":{"rendered":"<p>El shampoo Don Barb\u00f3n acelera el crecimiento y da fuerza capilar gracias a la concentraci\u00f3n de minoxidil de 15%, bergamota, biotina, col\u00e1geno y copalqu\u00edn.<\/p>\n","protected":false},"featured_media":2527,"comment_status":"open","ping_status":"closed","template":"","meta":[],"product_brand":[345],"product_cat":[289,312,337,318,325],"product_tag":[30,73,77,149,68],"class_list":{"0":"post-5976","1":"product","2":"type-product","3":"status-publish","4":"has-post-thumbnail","6":"product_brand-natural-life","7":"product_cat-belleza","8":"product_cat-populares","9":"product_cat-productos","10":"product_cat-salud","11":"product_cat-shampoos-y-acondicionadores","12":"product_tag-bergamota","13":"product_tag-biotina","14":"product_tag-colageno","15":"product_tag-copalquin","16":"product_tag-minoxidil","18":"first","19":"instock","20":"shipping-taxable","21":"purchasable","22":"product-type-simple"},"_links":{"self":[{"href":"https:\/\/modest-napier.216-250-124-103.plesk.page\/index.php\/wp-json\/wp\/v2\/product\/5976","targetHints":{"allow":["GET"]}}],"collection":[{"href":"https:\/\/modest-napier.216-250-124-103.plesk.page\/index.php\/wp-json\/wp\/v2\/product"}],"about":[{"href":"https:\/\/modest-napier.216-250-124-103.plesk.page\/index.php\/wp-json\/wp\/v2\/types\/product"}],"replies":[{"embeddable":true,"href":"https:\/\/modest-napier.216-250-124-103.plesk.page\/index.php\/wp-json\/wp\/v2\/comments?post=5976"}],"wp:featuredmedia":[{"embeddable":true,"href":"https:\/\/modest-napier.216-250-124-103.plesk.page\/index.php\/wp-json\/wp\/v2\/media\/2527"}],"wp:attachment":[{"href":"https:\/\/modest-napier.216-250-124-103.plesk.page\/index.php\/wp-json\/wp\/v2\/media?parent=5976"}],"wp:term":[{"taxonomy":"product_brand","embeddable":true,"href":"https:\/\/modest-napier.216-250-124-103.plesk.page\/index.php\/wp-json\/wp\/v2\/product_brand?post=5976"},{"taxonomy":"product_cat","embeddable":true,"href":"https:\/\/modest-napier.216-250-124-103.plesk.page\/index.php\/wp-json\/wp\/v2\/product_cat?post=5976"},{"taxonomy":"product_tag","embeddable":true,"href":"https:\/\/modest-napier.216-250-124-103.plesk.page\/index.php\/wp-json\/wp\/v2\/product_tag?post=5976"}],"curies":[{"name":"wp","href":"https:\/\/api.w.org\/{rel}","templated":true}]}}