{"id":6029,"date":"2025-09-24T19:53:40","date_gmt":"2025-09-24T19:53:40","guid":{"rendered":"https:\/\/modest-napier.216-250-124-103.plesk.page\/index.php\/producto\/tab-ajo-negro-rinones-plus-2-frascos-c-40-all-naturaleliminado\/"},"modified":"2025-09-24T19:53:41","modified_gmt":"2025-09-24T19:53:41","slug":"tab-ajo-negro-rinones-plus-2-frascos-c-40-all-naturaleliminado","status":"publish","type":"product","link":"https:\/\/modest-napier.216-250-124-103.plesk.page\/index.php\/producto\/tab-ajo-negro-rinones-plus-2-frascos-c-40-all-naturaleliminado\/","title":{"rendered":"TAB AJO NEGRO RI\u00d1ONES PLUS 2 FRASCOS C\/40 ALL NATURAL(ELIMINADO)"},"content":{"rendered":"<p><span data-mce-fragment=\"1\">\u00a0<\/span><\/p>\n<p data-mce-fragment=\"1\"><strong data-mce-fragment=\"1\">Descripci\u00f3n:<\/strong><\/p>\n<p data-mce-fragment=\"1\">Auxiliar en:<\/p>\n<ul>\n<li>\n<h6><span style=\"font-size: 1.4em;\"><strong>C\u00e1lculos renales.<\/strong><\/span><\/h6>\n<\/li>\n<li>\n<h6><span style=\"font-size: 1.4em;\"><strong>Fortalece los ri\u00f1ones.<\/strong><\/span><\/h6>\n<\/li>\n<li>\n<h6><span style=\"font-size: 1.4em;\"><strong>Mejora la funci\u00f3n renal.<\/strong><\/span><\/h6>\n<\/li>\n<li>\n<h6><span style=\"font-size: 1.4em;\"><strong>Evita la retenci\u00f3n de l\u00edquidos.<\/strong><\/span><\/h6>\n<\/li>\n<li>\n<h6><span style=\"font-size: 1.4em;\"><strong>Dolor de cintura.<\/strong><\/span><\/h6>\n<\/li>\n<li>\n<h6><span style=\"font-size: 1.4em;\"><strong>Infecci\u00f3n del conducto urinario.<\/strong><\/span><\/h6>\n<\/li>\n<li>\n<h6><strong><span style=\"font-size: 1.4em;\" data-mce-fragment=\"1\">Piedras en los\u00a0<\/span><span style=\"font-size: 1.4em;\">ri\u00f1ones Inhibe\u00a0la\u00a0inflamaci\u00f3n.<\/span><\/strong><\/h6>\n<\/li>\n<\/ul>\n<p data-mce-fragment=\"1\">\u00a0<\/p>\n<p data-mce-fragment=\"1\"><strong data-mce-fragment=\"1\">Modo de uso:<\/strong><\/p>\n<p data-mce-fragment=\"1\"><span data-mce-fragment=\"1\">Tomar 1 tableta de vitaminas y 1 de f\u00f3rmula herbal por la ma\u00f1ana y noche.<\/span><\/p>\n<p data-mce-fragment=\"1\"><strong data-mce-fragment=\"1\">Contenido:<\/strong><\/p>\n<p data-mce-fragment=\"1\"><span data-mce-fragment=\"1\">Caja con 2 frascos con 40 tabletas c\/u.<\/span><\/p>\n","protected":false},"excerpt":{"rendered":"<p>\u00a0 Descripci\u00f3n: Auxiliar en: C\u00e1lculos renales. Fortalece los ri\u00f1ones. Mejora la funci\u00f3n renal. Evita la retenci\u00f3n de l\u00edquidos. Dolor de cintura. Infecci\u00f3n del conducto urinario. Piedras en los\u00a0ri\u00f1ones Inhibe\u00a0la\u00a0inflamaci\u00f3n. \u00a0 [&hellip;]<\/p>\n","protected":false},"featured_media":2583,"comment_status":"open","ping_status":"closed","template":"","meta":[],"product_brand":[],"product_cat":[337],"product_tag":[],"class_list":{"0":"post-6029","1":"product","2":"type-product","3":"status-publish","4":"has-post-thumbnail","6":"product_cat-productos","8":"first","9":"outofstock","10":"shipping-taxable","11":"purchasable","12":"product-type-simple"},"_links":{"self":[{"href":"https:\/\/modest-napier.216-250-124-103.plesk.page\/index.php\/wp-json\/wp\/v2\/product\/6029","targetHints":{"allow":["GET"]}}],"collection":[{"href":"https:\/\/modest-napier.216-250-124-103.plesk.page\/index.php\/wp-json\/wp\/v2\/product"}],"about":[{"href":"https:\/\/modest-napier.216-250-124-103.plesk.page\/index.php\/wp-json\/wp\/v2\/types\/product"}],"replies":[{"embeddable":true,"href":"https:\/\/modest-napier.216-250-124-103.plesk.page\/index.php\/wp-json\/wp\/v2\/comments?post=6029"}],"wp:featuredmedia":[{"embeddable":true,"href":"https:\/\/modest-napier.216-250-124-103.plesk.page\/index.php\/wp-json\/wp\/v2\/media\/2583"}],"wp:attachment":[{"href":"https:\/\/modest-napier.216-250-124-103.plesk.page\/index.php\/wp-json\/wp\/v2\/media?parent=6029"}],"wp:term":[{"taxonomy":"product_brand","embeddable":true,"href":"https:\/\/modest-napier.216-250-124-103.plesk.page\/index.php\/wp-json\/wp\/v2\/product_brand?post=6029"},{"taxonomy":"product_cat","embeddable":true,"href":"https:\/\/modest-napier.216-250-124-103.plesk.page\/index.php\/wp-json\/wp\/v2\/product_cat?post=6029"},{"taxonomy":"product_tag","embeddable":true,"href":"https:\/\/modest-napier.216-250-124-103.plesk.page\/index.php\/wp-json\/wp\/v2\/product_tag?post=6029"}],"curies":[{"name":"wp","href":"https:\/\/api.w.org\/{rel}","templated":true}]}}