{"id":6032,"date":"2025-09-24T19:53:44","date_gmt":"2025-09-24T19:53:44","guid":{"rendered":"https:\/\/modest-napier.216-250-124-103.plesk.page\/index.php\/producto\/tab-ajo-y-omega-gastri-colitis-c-60-omega-nutrition\/"},"modified":"2025-09-24T20:45:59","modified_gmt":"2025-09-24T20:45:59","slug":"tab-ajo-y-omega-gastri-colitis-c-60-omega-nutrition","status":"publish","type":"product","link":"https:\/\/modest-napier.216-250-124-103.plesk.page\/index.php\/producto\/tab-ajo-y-omega-gastri-colitis-c-60-omega-nutrition\/","title":{"rendered":"Ajo y Omega Gastri-Colitis 60 tabletas Omega Nutrition"},"content":{"rendered":"<p><strong>Descripci\u00f3n:<\/strong><\/p>\n<p>El <strong>suplemento Ajo y Omega Gastri-Coliti<\/strong>s ayuda con colitis, gastritis, acidez, mala digesti\u00f3n, gases estomacales, \u00falceras.<\/p>\n<p><strong>Ingredientes:<\/strong><\/p>\n<p>Guayaba, Semilla de Alholva, Salvia de Bolita, C\u00e1scara Sagrada, Menta, Toronjil, Pasiflora.<\/p>\n<p><strong>Modo de uso:<\/strong><\/p>\n<p>Tome 1 tableta de cada botella (t\u00f3melas juntas) antes de cada comida. NO SUMINISTRE DURANTE EL EMBARAZO O LA LACTANCIA.<\/p>\n<p><strong>Contenido:<\/strong><\/p>\n<p>60 tabletas.<\/p>\n","protected":false},"excerpt":{"rendered":"<p>Descripci\u00f3n: El suplemento Ajo y Omega Gastri-Colitis ayuda con colitis, gastritis, acidez, mala digesti\u00f3n, gases estomacales, \u00falceras. Ingredientes: Guayaba, Semilla de Alholva, Salvia de Bolita, C\u00e1scara Sagrada, Menta, Toronjil, Pasiflora. [&hellip;]<\/p>\n","protected":false},"featured_media":2586,"comment_status":"open","ping_status":"closed","template":"","meta":[],"product_brand":[358],"product_cat":[337,318,323],"product_tag":[229,267,48,78,187],"class_list":{"0":"post-6032","1":"product","2":"type-product","3":"status-publish","4":"has-post-thumbnail","6":"product_brand-omega-nutrition","7":"product_cat-productos","8":"product_cat-salud","9":"product_cat-salud-intestinal","10":"product_tag-cascara-sagrada","11":"product_tag-guayaba","12":"product_tag-menta","13":"product_tag-pasiflora","14":"product_tag-toronjil","16":"first","17":"instock","18":"shipping-taxable","19":"purchasable","20":"product-type-simple"},"_links":{"self":[{"href":"https:\/\/modest-napier.216-250-124-103.plesk.page\/index.php\/wp-json\/wp\/v2\/product\/6032","targetHints":{"allow":["GET"]}}],"collection":[{"href":"https:\/\/modest-napier.216-250-124-103.plesk.page\/index.php\/wp-json\/wp\/v2\/product"}],"about":[{"href":"https:\/\/modest-napier.216-250-124-103.plesk.page\/index.php\/wp-json\/wp\/v2\/types\/product"}],"replies":[{"embeddable":true,"href":"https:\/\/modest-napier.216-250-124-103.plesk.page\/index.php\/wp-json\/wp\/v2\/comments?post=6032"}],"wp:featuredmedia":[{"embeddable":true,"href":"https:\/\/modest-napier.216-250-124-103.plesk.page\/index.php\/wp-json\/wp\/v2\/media\/2586"}],"wp:attachment":[{"href":"https:\/\/modest-napier.216-250-124-103.plesk.page\/index.php\/wp-json\/wp\/v2\/media?parent=6032"}],"wp:term":[{"taxonomy":"product_brand","embeddable":true,"href":"https:\/\/modest-napier.216-250-124-103.plesk.page\/index.php\/wp-json\/wp\/v2\/product_brand?post=6032"},{"taxonomy":"product_cat","embeddable":true,"href":"https:\/\/modest-napier.216-250-124-103.plesk.page\/index.php\/wp-json\/wp\/v2\/product_cat?post=6032"},{"taxonomy":"product_tag","embeddable":true,"href":"https:\/\/modest-napier.216-250-124-103.plesk.page\/index.php\/wp-json\/wp\/v2\/product_tag?post=6032"}],"curies":[{"name":"wp","href":"https:\/\/api.w.org\/{rel}","templated":true}]}}