{"id":6039,"date":"2025-09-24T19:53:54","date_gmt":"2025-09-24T19:53:54","guid":{"rendered":"https:\/\/modest-napier.216-250-124-103.plesk.page\/index.php\/producto\/tab-ajo-y-omega-reuma-artri-c-60-omega-nutrition\/"},"modified":"2025-09-24T20:44:08","modified_gmt":"2025-09-24T20:44:08","slug":"tab-ajo-y-omega-reuma-artri-c-60-omega-nutrition","status":"publish","type":"product","link":"https:\/\/modest-napier.216-250-124-103.plesk.page\/index.php\/producto\/tab-ajo-y-omega-reuma-artri-c-60-omega-nutrition\/","title":{"rendered":"Ajo y Omega Reuma Artri 60 tabletas Omega Nutrition"},"content":{"rendered":"<style data-mce-fragment=\"1\" type=\"text\/css\"><!--\ntd {border: 1px solid #cccccc;}br {mso-data-placement:same-cell;}\n--><\/style>\n<p><span data-mce-fragment=\"1\" data-sheets-userformat='{\"2\":15297,\"3\":{\"1\":0},\"9\":1,\"10\":0,\"11\":4,\"12\":0,\"14\":{\"1\":2,\"2\":-1090519040},\"15\":\"Arial\",\"16\":9}' data-sheets-value='{\"1\":2,\"2\":\"Descripci\u00f3n:nnAuxiliar en dolores musculares y de articulaciones, reumatismo, gota, calmabres, artritis y ciaticann Modo de uso:nnTomar 1 tableta  de cada frasco antes de cada alimento.nnContenido:nn60 tabletas.\"}'><strong>Descripci\u00f3n:<\/strong><\/span><\/p>\n<p><span data-mce-fragment=\"1\" data-sheets-userformat='{\"2\":15297,\"3\":{\"1\":0},\"9\":1,\"10\":0,\"11\":4,\"12\":0,\"14\":{\"1\":2,\"2\":-1090519040},\"15\":\"Arial\",\"16\":9}' data-sheets-value='{\"1\":2,\"2\":\"Descripci\u00f3n:nnAuxiliar en dolores musculares y de articulaciones, reumatismo, gota, calmabres, artritis y ciaticann Modo de uso:nnTomar 1 tableta  de cada frasco antes de cada alimento.nnContenido:nn60 tabletas.\"}'>El <strong>suplemento Ajo y Omega Reuma Artri<\/strong> es auxiliar en dolores musculares y de articulaciones, reumatismo, gota, calmabres, artritis y ci\u00e1tica.<\/span><\/p>\n<p><strong>Ingredientes:<\/strong><\/p>\n<p><span data-mce-fragment=\"1\" data-sheets-userformat='{\"2\":15297,\"3\":{\"1\":0},\"9\":1,\"10\":0,\"11\":4,\"12\":0,\"14\":{\"1\":2,\"2\":-1090519040},\"15\":\"Arial\",\"16\":9}' data-sheets-value='{\"1\":2,\"2\":\"Descripci\u00f3n:nnAuxiliar en dolores musculares y de articulaciones, reumatismo, gota, calmabres, artritis y ciaticann Modo de uso:nnTomar 1 tableta  de cada frasco antes de cada alimento.nnContenido:nn60 tabletas.\"}'>Cart\u00edlago de tibur\u00f3n, Matarique, Chichicastle, Axocopaque, Ajo Rey, \u00c1rnica, Semilla de uva, Glucosamina.<\/span><\/p>\n<p><span data-mce-fragment=\"1\" data-sheets-userformat='{\"2\":15297,\"3\":{\"1\":0},\"9\":1,\"10\":0,\"11\":4,\"12\":0,\"14\":{\"1\":2,\"2\":-1090519040},\"15\":\"Arial\",\"16\":9}' data-sheets-value='{\"1\":2,\"2\":\"Descripci\u00f3n:nnAuxiliar en dolores musculares y de articulaciones, reumatismo, gota, calmabres, artritis y ciaticann Modo de uso:nnTomar 1 tableta  de cada frasco antes de cada alimento.nnContenido:nn60 tabletas.\"}'><strong>Modo de uso:<\/strong><\/span><\/p>\n<p><span data-mce-fragment=\"1\" data-sheets-userformat='{\"2\":15297,\"3\":{\"1\":0},\"9\":1,\"10\":0,\"11\":4,\"12\":0,\"14\":{\"1\":2,\"2\":-1090519040},\"15\":\"Arial\",\"16\":9}' data-sheets-value='{\"1\":2,\"2\":\"Descripci\u00f3n:nnAuxiliar en dolores musculares y de articulaciones, reumatismo, gota, calmabres, artritis y ciaticann Modo de uso:nnTomar 1 tableta  de cada frasco antes de cada alimento.nnContenido:nn60 tabletas.\"}'>Tomar 1 tableta de cada frasco antes de cada alimento.<\/span><\/p>\n<p><span data-mce-fragment=\"1\" data-sheets-userformat='{\"2\":15297,\"3\":{\"1\":0},\"9\":1,\"10\":0,\"11\":4,\"12\":0,\"14\":{\"1\":2,\"2\":-1090519040},\"15\":\"Arial\",\"16\":9}' data-sheets-value='{\"1\":2,\"2\":\"Descripci\u00f3n:nnAuxiliar en dolores musculares y de articulaciones, reumatismo, gota, calmabres, artritis y ciaticann Modo de uso:nnTomar 1 tableta  de cada frasco antes de cada alimento.nnContenido:nn60 tabletas.\"}'><strong>Contenido:<\/strong><\/span><\/p>\n<p><span data-mce-fragment=\"1\" data-sheets-userformat='{\"2\":15297,\"3\":{\"1\":0},\"9\":1,\"10\":0,\"11\":4,\"12\":0,\"14\":{\"1\":2,\"2\":-1090519040},\"15\":\"Arial\",\"16\":9}' data-sheets-value='{\"1\":2,\"2\":\"Descripci\u00f3n:nnAuxiliar en dolores musculares y de articulaciones, reumatismo, gota, calmabres, artritis y ciaticann Modo de uso:nnTomar 1 tableta  de cada frasco antes de cada alimento.nnContenido:nn60 tabletas.\"}'>60 tabletas.<\/span><\/p>\n","protected":false},"excerpt":{"rendered":"<p>Descripci\u00f3n: El suplemento Ajo y Omega Reuma Artri es auxiliar en dolores musculares y de articulaciones, reumatismo, gota, calmabres, artritis y ci\u00e1tica. Ingredientes: Cart\u00edlago de tibur\u00f3n, Matarique, Chichicastle, Axocopaque, Ajo [&hellip;]<\/p>\n","protected":false},"featured_media":2593,"comment_status":"open","ping_status":"closed","template":"","meta":[],"product_brand":[358],"product_cat":[297,337,318],"product_tag":[108,28,194,92,266,62],"class_list":{"0":"post-6039","1":"product","2":"type-product","3":"status-publish","4":"has-post-thumbnail","6":"product_brand-omega-nutrition","7":"product_cat-dolor-en-articulaciones","8":"product_cat-productos","9":"product_cat-salud","10":"product_tag-ajo","11":"product_tag-arnica","12":"product_tag-cartilago-de-tiburon","13":"product_tag-glucosamina","14":"product_tag-matarique","15":"product_tag-semilla-de-uva","17":"first","18":"instock","19":"shipping-taxable","20":"purchasable","21":"product-type-simple"},"_links":{"self":[{"href":"https:\/\/modest-napier.216-250-124-103.plesk.page\/index.php\/wp-json\/wp\/v2\/product\/6039","targetHints":{"allow":["GET"]}}],"collection":[{"href":"https:\/\/modest-napier.216-250-124-103.plesk.page\/index.php\/wp-json\/wp\/v2\/product"}],"about":[{"href":"https:\/\/modest-napier.216-250-124-103.plesk.page\/index.php\/wp-json\/wp\/v2\/types\/product"}],"replies":[{"embeddable":true,"href":"https:\/\/modest-napier.216-250-124-103.plesk.page\/index.php\/wp-json\/wp\/v2\/comments?post=6039"}],"wp:featuredmedia":[{"embeddable":true,"href":"https:\/\/modest-napier.216-250-124-103.plesk.page\/index.php\/wp-json\/wp\/v2\/media\/2593"}],"wp:attachment":[{"href":"https:\/\/modest-napier.216-250-124-103.plesk.page\/index.php\/wp-json\/wp\/v2\/media?parent=6039"}],"wp:term":[{"taxonomy":"product_brand","embeddable":true,"href":"https:\/\/modest-napier.216-250-124-103.plesk.page\/index.php\/wp-json\/wp\/v2\/product_brand?post=6039"},{"taxonomy":"product_cat","embeddable":true,"href":"https:\/\/modest-napier.216-250-124-103.plesk.page\/index.php\/wp-json\/wp\/v2\/product_cat?post=6039"},{"taxonomy":"product_tag","embeddable":true,"href":"https:\/\/modest-napier.216-250-124-103.plesk.page\/index.php\/wp-json\/wp\/v2\/product_tag?post=6039"}],"curies":[{"name":"wp","href":"https:\/\/api.w.org\/{rel}","templated":true}]}}