{"id":6072,"date":"2025-09-24T19:54:38","date_gmt":"2025-09-24T19:54:38","guid":{"rendered":"https:\/\/modest-napier.216-250-124-103.plesk.page\/index.php\/producto\/tab-bonaprost-c-60-natures-pet\/"},"modified":"2025-09-24T20:47:09","modified_gmt":"2025-09-24T20:47:09","slug":"tab-bonaprost-c-60-natures-pet","status":"publish","type":"product","link":"https:\/\/modest-napier.216-250-124-103.plesk.page\/index.php\/producto\/tab-bonaprost-c-60-natures-pet\/","title":{"rendered":"BonaProst 60 tabletas Nature&#8217;s Pet"},"content":{"rendered":"<p><strong>Descripci\u00f3n:<\/strong><\/p>\n<p>La salud prost\u00e1tica es esencial para una vida plena y activa. Con <strong>BonaProst<\/strong>, un suplemento alimenticio dise\u00f1ado cuidadosamente, puedes cuidar de tu pr\u00f3stata de forma natural. Este tratamiento est\u00e1 formulado con ingredientes como <em>Saw Palmetto, U\u00f1a de Gato, Licopeno, Ortiga-Br\u00f3coli y T\u00e9 Verde<\/em>, todos conocidos por sus beneficios para la pr\u00f3stata.<\/p>\n<p><em>Los Beneficios de BonaProst son Innumerables:<\/em> este suplemento no solo disminuye la inflamaci\u00f3n prost\u00e1tica, sino que tambi\u00e9n trata la incontinencia nocturna y mejora el flujo y la fuerza al orinar. Adem\u00e1s, puede contribuir a recuperar y mantener la potencia sexual y ayudar a combatir la hiperplasia prost\u00e1tica benigna, o agrandamiento de la pr\u00f3stata. Tu bienestar es nuestra prioridad, y Bonaprost est\u00e1 aqu\u00ed para apoyar tu salud prost\u00e1tica de manera natural.<\/p>\n<p><!-- Tratamiento natural para la salud prost\u00e1tica , disminuye la inflamaci\u00f3n , trata la incontinencia nocturna , mejora el flujo y la fuerza al orinar , mejora la potencia sexual , ayuda a mejorar la pr\u00f3stata agrandada , tambi\u00e9n&nbsp;llamada hiperplasia prost\u00e1tica benigna.&nbsp; &nbsp;&nbsp;--><\/p>\n<p><strong>Ingredientes:<\/strong><\/p>\n<p>Saw Palmetto, U\u00f1a de Gato, Licopeno, Ortiga, Br\u00f3coli, T\u00e9 Verde.<\/p>\n<p><strong>Modo de uso:<\/strong><\/p>\n<p>Tomar 2 tabletas al d\u00eda, evitar su consumo durante la noche.<\/p>\n<p><strong>Contenido:<\/strong><\/p>\n<p>60 tabletas.<\/p>\n","protected":false},"excerpt":{"rendered":"<p>Descripci\u00f3n: La salud prost\u00e1tica es esencial para una vida plena y activa. Con BonaProst, un suplemento alimenticio dise\u00f1ado cuidadosamente, puedes cuidar de tu pr\u00f3stata de forma natural. Este tratamiento est\u00e1 [&hellip;]<\/p>\n","protected":false},"featured_media":2632,"comment_status":"open","ping_status":"closed","template":"","meta":[],"product_brand":[575],"product_cat":[337,318,320],"product_tag":[93,197,138,192],"class_list":{"0":"post-6072","1":"product","2":"type-product","3":"status-publish","4":"has-post-thumbnail","6":"product_brand-natures-pet","7":"product_cat-productos","8":"product_cat-salud","9":"product_cat-salud-de-la-prostata","10":"product_tag-ortiga","11":"product_tag-saw-palmetto","12":"product_tag-te-verde","13":"product_tag-una-de-gato","15":"first","16":"instock","17":"shipping-taxable","18":"purchasable","19":"product-type-simple"},"_links":{"self":[{"href":"https:\/\/modest-napier.216-250-124-103.plesk.page\/index.php\/wp-json\/wp\/v2\/product\/6072","targetHints":{"allow":["GET"]}}],"collection":[{"href":"https:\/\/modest-napier.216-250-124-103.plesk.page\/index.php\/wp-json\/wp\/v2\/product"}],"about":[{"href":"https:\/\/modest-napier.216-250-124-103.plesk.page\/index.php\/wp-json\/wp\/v2\/types\/product"}],"replies":[{"embeddable":true,"href":"https:\/\/modest-napier.216-250-124-103.plesk.page\/index.php\/wp-json\/wp\/v2\/comments?post=6072"}],"wp:featuredmedia":[{"embeddable":true,"href":"https:\/\/modest-napier.216-250-124-103.plesk.page\/index.php\/wp-json\/wp\/v2\/media\/2632"}],"wp:attachment":[{"href":"https:\/\/modest-napier.216-250-124-103.plesk.page\/index.php\/wp-json\/wp\/v2\/media?parent=6072"}],"wp:term":[{"taxonomy":"product_brand","embeddable":true,"href":"https:\/\/modest-napier.216-250-124-103.plesk.page\/index.php\/wp-json\/wp\/v2\/product_brand?post=6072"},{"taxonomy":"product_cat","embeddable":true,"href":"https:\/\/modest-napier.216-250-124-103.plesk.page\/index.php\/wp-json\/wp\/v2\/product_cat?post=6072"},{"taxonomy":"product_tag","embeddable":true,"href":"https:\/\/modest-napier.216-250-124-103.plesk.page\/index.php\/wp-json\/wp\/v2\/product_tag?post=6072"}],"curies":[{"name":"wp","href":"https:\/\/api.w.org\/{rel}","templated":true}]}}