{"id":6135,"date":"2025-09-24T19:56:08","date_gmt":"2025-09-24T19:56:08","guid":{"rendered":"https:\/\/modest-napier.216-250-124-103.plesk.page\/index.php\/producto\/tab-higado-con-silimarin-c-120-hidronatura\/"},"modified":"2025-09-24T20:44:59","modified_gmt":"2025-09-24T20:44:59","slug":"tab-higado-con-silimarin-c-120-hidronatura","status":"publish","type":"product","link":"https:\/\/modest-napier.216-250-124-103.plesk.page\/index.php\/producto\/tab-higado-con-silimarin-c-120-hidronatura\/","title":{"rendered":"H\u00edgado con Silimar\u00edn 120 tabletas Hidronatura"},"content":{"rendered":"<p data-mce-fragment=\"1\"><span data-mce-fragment=\"1\">Auxiliar en:<\/span><\/p>\n<ul>\n<li><span data-mce-fragment=\"1\">H\u00edgado graso.<\/span><\/li>\n<li><span data-mce-fragment=\"1\">Eliminador de toxinas.<\/span><\/li>\n<li><span data-mce-fragment=\"1\">Mala digesti\u00f3n.<\/span><\/li>\n<li><span data-mce-fragment=\"1\">Desintoxicador del h\u00edgado.<\/span><\/li>\n<\/ul>\n","protected":false},"excerpt":{"rendered":"<p>Auxiliar en: H\u00edgado graso. Eliminador de toxinas. Mala digesti\u00f3n. Desintoxicador del h\u00edgado.<\/p>\n","protected":false},"featured_media":2708,"comment_status":"open","ping_status":"closed","template":"","meta":[],"product_brand":[532],"product_cat":[337,318,322],"product_tag":[75,119,226],"class_list":{"0":"post-6135","1":"product","2":"type-product","3":"status-publish","4":"has-post-thumbnail","6":"product_brand-hidronatura","7":"product_cat-productos","8":"product_cat-salud","9":"product_cat-salud-del-higado","10":"product_tag-ajo-negro","11":"product_tag-boldo","12":"product_tag-silimarin","14":"first","15":"instock","16":"shipping-taxable","17":"purchasable","18":"product-type-simple"},"_links":{"self":[{"href":"https:\/\/modest-napier.216-250-124-103.plesk.page\/index.php\/wp-json\/wp\/v2\/product\/6135","targetHints":{"allow":["GET"]}}],"collection":[{"href":"https:\/\/modest-napier.216-250-124-103.plesk.page\/index.php\/wp-json\/wp\/v2\/product"}],"about":[{"href":"https:\/\/modest-napier.216-250-124-103.plesk.page\/index.php\/wp-json\/wp\/v2\/types\/product"}],"replies":[{"embeddable":true,"href":"https:\/\/modest-napier.216-250-124-103.plesk.page\/index.php\/wp-json\/wp\/v2\/comments?post=6135"}],"wp:featuredmedia":[{"embeddable":true,"href":"https:\/\/modest-napier.216-250-124-103.plesk.page\/index.php\/wp-json\/wp\/v2\/media\/2708"}],"wp:attachment":[{"href":"https:\/\/modest-napier.216-250-124-103.plesk.page\/index.php\/wp-json\/wp\/v2\/media?parent=6135"}],"wp:term":[{"taxonomy":"product_brand","embeddable":true,"href":"https:\/\/modest-napier.216-250-124-103.plesk.page\/index.php\/wp-json\/wp\/v2\/product_brand?post=6135"},{"taxonomy":"product_cat","embeddable":true,"href":"https:\/\/modest-napier.216-250-124-103.plesk.page\/index.php\/wp-json\/wp\/v2\/product_cat?post=6135"},{"taxonomy":"product_tag","embeddable":true,"href":"https:\/\/modest-napier.216-250-124-103.plesk.page\/index.php\/wp-json\/wp\/v2\/product_tag?post=6135"}],"curies":[{"name":"wp","href":"https:\/\/api.w.org\/{rel}","templated":true}]}}