{"id":6174,"date":"2025-09-24T19:57:04","date_gmt":"2025-09-24T19:57:04","guid":{"rendered":"https:\/\/modest-napier.216-250-124-103.plesk.page\/index.php\/producto\/tab-polispan-dispan-reforzado-con-polinicotinato-c-30-dr-rosferh\/"},"modified":"2025-09-24T20:47:05","modified_gmt":"2025-09-24T20:47:05","slug":"tab-polispan-dispan-reforzado-con-polinicotinato-c-30-dr-rosferh","status":"publish","type":"product","link":"https:\/\/modest-napier.216-250-124-103.plesk.page\/index.php\/producto\/tab-polispan-dispan-reforzado-con-polinicotinato-c-30-dr-rosferh\/","title":{"rendered":"Polispan-Dispan con Polinicotinato 30 tabletas Dr Rosferh"},"content":{"rendered":"<p data-mce-fragment=\"1\"><span data-mce-fragment=\"1\">\u00a1El producto original!\u00a0<em>Polispan Dispan reforzado con polinicotinato de cromo del Dr Rosferh<\/em>, una combinaci\u00f3n de semillas, plantas y flores, te ayuda a perder peso r\u00e1pidamente. Quema la grasa, reduce la cintura, ayuda a los procesos metab\u00f3licos, desintoxica el h\u00edgado, descongestiona el intestino, hace desaparecer el estre\u00f1imiento.<\/span><strong data-mce-fragment=\"1\"><\/strong><\/p>\n<p data-mce-fragment=\"1\"><\/p>\n","protected":false},"excerpt":{"rendered":"<p>\u00a1El producto original!\u00a0Polispan Dispan reforzado con polinicotinato de cromo del Dr Rosferh, una combinaci\u00f3n de semillas, plantas y flores, te ayuda a perder peso r\u00e1pidamente. Quema la grasa, reduce la [&hellip;]<\/p>\n","protected":false},"featured_media":2748,"comment_status":"open","ping_status":"closed","template":"","meta":[],"product_brand":[594],"product_cat":[287,337,314],"product_tag":[],"class_list":{"0":"post-6174","1":"product","2":"type-product","3":"status-publish","4":"has-post-thumbnail","6":"product_brand-dr-rosferh","7":"product_cat-baja-de-peso","8":"product_cat-productos","9":"product_cat-productos-para-bajar-de-peso","11":"first","12":"instock","13":"shipping-taxable","14":"purchasable","15":"product-type-simple"},"_links":{"self":[{"href":"https:\/\/modest-napier.216-250-124-103.plesk.page\/index.php\/wp-json\/wp\/v2\/product\/6174","targetHints":{"allow":["GET"]}}],"collection":[{"href":"https:\/\/modest-napier.216-250-124-103.plesk.page\/index.php\/wp-json\/wp\/v2\/product"}],"about":[{"href":"https:\/\/modest-napier.216-250-124-103.plesk.page\/index.php\/wp-json\/wp\/v2\/types\/product"}],"replies":[{"embeddable":true,"href":"https:\/\/modest-napier.216-250-124-103.plesk.page\/index.php\/wp-json\/wp\/v2\/comments?post=6174"}],"wp:featuredmedia":[{"embeddable":true,"href":"https:\/\/modest-napier.216-250-124-103.plesk.page\/index.php\/wp-json\/wp\/v2\/media\/2748"}],"wp:attachment":[{"href":"https:\/\/modest-napier.216-250-124-103.plesk.page\/index.php\/wp-json\/wp\/v2\/media?parent=6174"}],"wp:term":[{"taxonomy":"product_brand","embeddable":true,"href":"https:\/\/modest-napier.216-250-124-103.plesk.page\/index.php\/wp-json\/wp\/v2\/product_brand?post=6174"},{"taxonomy":"product_cat","embeddable":true,"href":"https:\/\/modest-napier.216-250-124-103.plesk.page\/index.php\/wp-json\/wp\/v2\/product_cat?post=6174"},{"taxonomy":"product_tag","embeddable":true,"href":"https:\/\/modest-napier.216-250-124-103.plesk.page\/index.php\/wp-json\/wp\/v2\/product_tag?post=6174"}],"curies":[{"name":"wp","href":"https:\/\/api.w.org\/{rel}","templated":true}]}}