{"id":6194,"date":"2025-09-24T19:57:31","date_gmt":"2025-09-24T19:57:31","guid":{"rendered":"https:\/\/modest-napier.216-250-124-103.plesk.page\/index.php\/producto\/tab-sabinopal-c-150-dina\/"},"modified":"2025-09-24T20:45:37","modified_gmt":"2025-09-24T20:45:37","slug":"tab-sabinopal-c-150-dina","status":"publish","type":"product","link":"https:\/\/modest-napier.216-250-124-103.plesk.page\/index.php\/producto\/tab-sabinopal-c-150-dina\/","title":{"rendered":"SabiNopal 150 tabletas Dina"},"content":{"rendered":"<p data-mce-fragment=\"1\"><span>Reduce Niveles de Grasa En El Cuerpo, combate el h\u00edgado graso, reduce niveles de glucosa, ayuda a personas con Diabetes, reduce niveles de colesterol, Aterosclerosis, Obesidad, Diabetes, Antibi\u00f3tico, Mejora El Colon, Anticancer\u00edgeno, Estre\u00f1imiento, Digesti\u00f3n, Diur\u00e9tico, Reduce Colesterol.<\/span><\/p>\n","protected":false},"excerpt":{"rendered":"<p>Reduce Niveles de Grasa En El Cuerpo, combate el h\u00edgado graso, reduce niveles de glucosa, ayuda a personas con Diabetes, reduce niveles de colesterol, Aterosclerosis, Obesidad, Diabetes, Antibi\u00f3tico, Mejora El [&hellip;]<\/p>\n","protected":false},"featured_media":2771,"comment_status":"open","ping_status":"closed","template":"","meta":[],"product_brand":[396],"product_cat":[308,337,318,331],"product_tag":[98,60],"class_list":{"0":"post-6194","1":"product","2":"type-product","3":"status-publish","4":"has-post-thumbnail","6":"product_brand-dina","7":"product_cat-nutricion","8":"product_cat-productos","9":"product_cat-salud","10":"product_cat-suplementos-bajar-de-peso","11":"product_tag-nopal","12":"product_tag-sabila","14":"first","15":"outofstock","16":"shipping-taxable","17":"purchasable","18":"product-type-simple"},"_links":{"self":[{"href":"https:\/\/modest-napier.216-250-124-103.plesk.page\/index.php\/wp-json\/wp\/v2\/product\/6194","targetHints":{"allow":["GET"]}}],"collection":[{"href":"https:\/\/modest-napier.216-250-124-103.plesk.page\/index.php\/wp-json\/wp\/v2\/product"}],"about":[{"href":"https:\/\/modest-napier.216-250-124-103.plesk.page\/index.php\/wp-json\/wp\/v2\/types\/product"}],"replies":[{"embeddable":true,"href":"https:\/\/modest-napier.216-250-124-103.plesk.page\/index.php\/wp-json\/wp\/v2\/comments?post=6194"}],"wp:featuredmedia":[{"embeddable":true,"href":"https:\/\/modest-napier.216-250-124-103.plesk.page\/index.php\/wp-json\/wp\/v2\/media\/2771"}],"wp:attachment":[{"href":"https:\/\/modest-napier.216-250-124-103.plesk.page\/index.php\/wp-json\/wp\/v2\/media?parent=6194"}],"wp:term":[{"taxonomy":"product_brand","embeddable":true,"href":"https:\/\/modest-napier.216-250-124-103.plesk.page\/index.php\/wp-json\/wp\/v2\/product_brand?post=6194"},{"taxonomy":"product_cat","embeddable":true,"href":"https:\/\/modest-napier.216-250-124-103.plesk.page\/index.php\/wp-json\/wp\/v2\/product_cat?post=6194"},{"taxonomy":"product_tag","embeddable":true,"href":"https:\/\/modest-napier.216-250-124-103.plesk.page\/index.php\/wp-json\/wp\/v2\/product_tag?post=6194"}],"curies":[{"name":"wp","href":"https:\/\/api.w.org\/{rel}","templated":true}]}}