{"id":6253,"date":"2025-09-24T19:58:53","date_gmt":"2025-09-24T19:58:53","guid":{"rendered":"https:\/\/modest-napier.216-250-124-103.plesk.page\/index.php\/producto\/te-de-hierbabuena-c-25-sobres-la-pastora\/"},"modified":"2025-09-24T20:44:09","modified_gmt":"2025-09-24T20:44:09","slug":"te-de-hierbabuena-c-25-sobres-la-pastora","status":"publish","type":"product","link":"https:\/\/modest-napier.216-250-124-103.plesk.page\/index.php\/producto\/te-de-hierbabuena-c-25-sobres-la-pastora\/","title":{"rendered":"T\u00e9 de Hierbabuena 25 sobres La Pastora"},"content":{"rendered":"<p data-mce-fragment=\"1\"><span data-mce-fragment=\"1\"><strong data-mce-fragment=\"1\">Descripci\u00f3n:<\/strong><\/span><\/p>\n<p data-mce-fragment=\"1\">Previene y combate algunos problemas estomacales como la indigesti\u00f3n, la acidez, inflamaci\u00f3n, nauseas y vomito. Tiene efectos relajantes lo cual ayuda contra el estr\u00e9s y el insomnio.\u00a0<\/p>\n<p data-mce-fragment=\"1\"><strong data-mce-fragment=\"1\">Modo de uso:<\/strong><\/p>\n<p data-mce-fragment=\"1\">En una taza colocar una bolsita de te y agregar agua hirviendo, dejar reposar, endulzar al gusto.<\/p>\n<p data-mce-fragment=\"1\"><strong data-mce-fragment=\"1\">Contenido:<\/strong><\/p>\n<p data-mce-fragment=\"1\">25 sobres de 1.4g c\/u.<\/p>\n","protected":false},"excerpt":{"rendered":"<p>Descripci\u00f3n: Previene y combate algunos problemas estomacales como la indigesti\u00f3n, la acidez, inflamaci\u00f3n, nauseas y vomito. Tiene efectos relajantes lo cual ayuda contra el estr\u00e9s y el insomnio.\u00a0 Modo de [&hellip;]<\/p>\n","protected":false},"featured_media":2831,"comment_status":"open","ping_status":"closed","template":"","meta":[],"product_brand":[447],"product_cat":[308,337,318,332],"product_tag":[43],"class_list":{"0":"post-6253","1":"product","2":"type-product","3":"status-publish","4":"has-post-thumbnail","6":"product_brand-la-pastora","7":"product_cat-nutricion","8":"product_cat-productos","9":"product_cat-salud","10":"product_cat-tes-e-infusiones","11":"product_tag-hierbabuena","13":"first","14":"instock","15":"shipping-taxable","16":"purchasable","17":"product-type-simple"},"_links":{"self":[{"href":"https:\/\/modest-napier.216-250-124-103.plesk.page\/index.php\/wp-json\/wp\/v2\/product\/6253","targetHints":{"allow":["GET"]}}],"collection":[{"href":"https:\/\/modest-napier.216-250-124-103.plesk.page\/index.php\/wp-json\/wp\/v2\/product"}],"about":[{"href":"https:\/\/modest-napier.216-250-124-103.plesk.page\/index.php\/wp-json\/wp\/v2\/types\/product"}],"replies":[{"embeddable":true,"href":"https:\/\/modest-napier.216-250-124-103.plesk.page\/index.php\/wp-json\/wp\/v2\/comments?post=6253"}],"wp:featuredmedia":[{"embeddable":true,"href":"https:\/\/modest-napier.216-250-124-103.plesk.page\/index.php\/wp-json\/wp\/v2\/media\/2831"}],"wp:attachment":[{"href":"https:\/\/modest-napier.216-250-124-103.plesk.page\/index.php\/wp-json\/wp\/v2\/media?parent=6253"}],"wp:term":[{"taxonomy":"product_brand","embeddable":true,"href":"https:\/\/modest-napier.216-250-124-103.plesk.page\/index.php\/wp-json\/wp\/v2\/product_brand?post=6253"},{"taxonomy":"product_cat","embeddable":true,"href":"https:\/\/modest-napier.216-250-124-103.plesk.page\/index.php\/wp-json\/wp\/v2\/product_cat?post=6253"},{"taxonomy":"product_tag","embeddable":true,"href":"https:\/\/modest-napier.216-250-124-103.plesk.page\/index.php\/wp-json\/wp\/v2\/product_tag?post=6253"}],"curies":[{"name":"wp","href":"https:\/\/api.w.org\/{rel}","templated":true}]}}