{"id":6284,"date":"2025-09-24T19:59:38","date_gmt":"2025-09-24T19:59:38","guid":{"rendered":"https:\/\/modest-napier.216-250-124-103.plesk.page\/index.php\/producto\/te-serenate-lavanda-c-20-plamesi\/"},"modified":"2025-09-24T20:46:09","modified_gmt":"2025-09-24T20:46:09","slug":"te-serenate-lavanda-c-20-plamesi","status":"publish","type":"product","link":"https:\/\/modest-napier.216-250-124-103.plesk.page\/index.php\/producto\/te-serenate-lavanda-c-20-plamesi\/","title":{"rendered":"T\u00e9 Serena-T\u00e9 Lavanda 20 sobres Plamesi"},"content":{"rendered":"<p><strong>Descripci\u00f3n:<\/strong><\/p>\n<p>El <strong>T\u00e9 Plamesi Serena<\/strong> Lavanda es una infusi\u00f3n 100% natural y reconfortante, cuidadosamente elaborada con una mezcla de ingredientes seleccionados.<\/p>\n<p>Este t\u00e9 contiene una variedad de hierbas y flores. Cada uno de los ingredientes del T\u00e9 Plamesi Serena Lavanda aporta sus propias propiedades y beneficios para la salud.<\/p>\n<p>La jamaica, por ejemplo, es conocida por su contenido de antioxidantes y su capacidad para ayudar a la digesti\u00f3n.<\/p>\n<p>La flor de azahar y la tila se han utilizado tradicionalmente por sus propiedades relajantes y calmantes, lo que lo convierte en una excelente opci\u00f3n para reducir el estr\u00e9s y promover la relajaci\u00f3n.<\/p>\n<p><strong>Ingredientes:<\/strong><\/p>\n<p>Jamaica, flor de azahar, hojas de naranjo, melisa, manzanilla, pasiflora, lim\u00f3n, yoloxochitl, rosa de castilla, lavanda.<\/p>\n<p><strong>Modo de uso:<\/strong><\/p>\n<p>Deje reposar durante 5 minutos uno o dos sobres de t\u00e9 en una taza con agua hirviendo y endulce al gusto. Puedes tomarlo a cualquier hora del d\u00eda ya que no causa somnolencia.<\/p>\n<p><strong>Contenido:<\/strong><\/p>\n<p>20 sobres de 30 g.<\/p>\n","protected":false},"excerpt":{"rendered":"<p>Descripci\u00f3n: El T\u00e9 Plamesi Serena Lavanda es una infusi\u00f3n 100% natural y reconfortante, cuidadosamente elaborada con una mezcla de ingredientes seleccionados. Este t\u00e9 contiene una variedad de hierbas y flores. [&hellip;]<\/p>\n","protected":false},"featured_media":2863,"comment_status":"open","ping_status":"closed","template":"","meta":[],"product_brand":[404],"product_cat":[337,318,332],"product_tag":[],"class_list":{"0":"post-6284","1":"product","2":"type-product","3":"status-publish","4":"has-post-thumbnail","6":"product_brand-plamesi","7":"product_cat-productos","8":"product_cat-salud","9":"product_cat-tes-e-infusiones","11":"first","12":"instock","13":"shipping-taxable","14":"purchasable","15":"product-type-simple"},"_links":{"self":[{"href":"https:\/\/modest-napier.216-250-124-103.plesk.page\/index.php\/wp-json\/wp\/v2\/product\/6284","targetHints":{"allow":["GET"]}}],"collection":[{"href":"https:\/\/modest-napier.216-250-124-103.plesk.page\/index.php\/wp-json\/wp\/v2\/product"}],"about":[{"href":"https:\/\/modest-napier.216-250-124-103.plesk.page\/index.php\/wp-json\/wp\/v2\/types\/product"}],"replies":[{"embeddable":true,"href":"https:\/\/modest-napier.216-250-124-103.plesk.page\/index.php\/wp-json\/wp\/v2\/comments?post=6284"}],"wp:featuredmedia":[{"embeddable":true,"href":"https:\/\/modest-napier.216-250-124-103.plesk.page\/index.php\/wp-json\/wp\/v2\/media\/2863"}],"wp:attachment":[{"href":"https:\/\/modest-napier.216-250-124-103.plesk.page\/index.php\/wp-json\/wp\/v2\/media?parent=6284"}],"wp:term":[{"taxonomy":"product_brand","embeddable":true,"href":"https:\/\/modest-napier.216-250-124-103.plesk.page\/index.php\/wp-json\/wp\/v2\/product_brand?post=6284"},{"taxonomy":"product_cat","embeddable":true,"href":"https:\/\/modest-napier.216-250-124-103.plesk.page\/index.php\/wp-json\/wp\/v2\/product_cat?post=6284"},{"taxonomy":"product_tag","embeddable":true,"href":"https:\/\/modest-napier.216-250-124-103.plesk.page\/index.php\/wp-json\/wp\/v2\/product_tag?post=6284"}],"curies":[{"name":"wp","href":"https:\/\/api.w.org\/{rel}","templated":true}]}}