{"id":6298,"date":"2025-09-24T19:59:58","date_gmt":"2025-09-24T19:59:58","guid":{"rendered":"https:\/\/modest-napier.216-250-124-103.plesk.page\/index.php\/producto\/tinte-007-l-elite-negro-natural\/"},"modified":"2025-09-24T20:44:32","modified_gmt":"2025-09-24T20:44:32","slug":"tinte-007-l-elite-negro-natural","status":"publish","type":"product","link":"https:\/\/modest-napier.216-250-124-103.plesk.page\/index.php\/producto\/tinte-007-l-elite-negro-natural\/","title":{"rendered":"Tinte L&#8217;Elite 007 Negro Natural"},"content":{"rendered":"<p data-mce-fragment=\"1\"><strong data-mce-fragment=\"1\">Descripci\u00f3n:<\/strong><\/p>\n<p data-mce-fragment=\"1\"><span data-mce-fragment=\"1\">No contiene per\u00f3xido ni amoniaco, enriquecido con ingredientes naturales aportando hidrataci\u00f3n a tu cabello<\/span><br data-mce-fragment=\"1\"><\/p>\n<p data-mce-fragment=\"1\"><strong data-mce-fragment=\"1\">Modo de uso:<\/strong><\/p>\n<ol>\n<li><span data-mce-fragment=\"1\">Aplicar a la mezcla 100 ml de agua agitar vigorosamente y esperar 10 min.<\/span><\/li>\n<li><span data-mce-fragment=\"1\">\u00a0Posteriormente aplicar en las ra\u00edces con una brocha, dejar reposar 20 min y continuar con el largo del cabello.<\/span><\/li>\n<li><span data-mce-fragment=\"1\">Dejar 35 min, enjuagar con abundante agua.<\/span><\/li>\n<\/ol>\n<p data-mce-fragment=\"1\"><strong data-mce-fragment=\"1\">Contenido:<\/strong><\/p>\n<p data-mce-fragment=\"1\">10 GRS.<\/p>\n","protected":false},"excerpt":{"rendered":"<p>Descripci\u00f3n: No contiene per\u00f3xido ni amoniaco, enriquecido con ingredientes naturales aportando hidrataci\u00f3n a tu cabello Modo de uso: Aplicar a la mezcla 100 ml de agua agitar vigorosamente y esperar [&hellip;]<\/p>\n","protected":false},"featured_media":2877,"comment_status":"open","ping_status":"closed","template":"","meta":[],"product_brand":[361],"product_cat":[289,337,334],"product_tag":[],"class_list":{"0":"post-6298","1":"product","2":"type-product","3":"status-publish","4":"has-post-thumbnail","6":"product_brand-natural-colour","7":"product_cat-belleza","8":"product_cat-productos","9":"product_cat-tintes-para-cabello","11":"first","12":"instock","13":"shipping-taxable","14":"purchasable","15":"product-type-simple"},"_links":{"self":[{"href":"https:\/\/modest-napier.216-250-124-103.plesk.page\/index.php\/wp-json\/wp\/v2\/product\/6298","targetHints":{"allow":["GET"]}}],"collection":[{"href":"https:\/\/modest-napier.216-250-124-103.plesk.page\/index.php\/wp-json\/wp\/v2\/product"}],"about":[{"href":"https:\/\/modest-napier.216-250-124-103.plesk.page\/index.php\/wp-json\/wp\/v2\/types\/product"}],"replies":[{"embeddable":true,"href":"https:\/\/modest-napier.216-250-124-103.plesk.page\/index.php\/wp-json\/wp\/v2\/comments?post=6298"}],"wp:featuredmedia":[{"embeddable":true,"href":"https:\/\/modest-napier.216-250-124-103.plesk.page\/index.php\/wp-json\/wp\/v2\/media\/2877"}],"wp:attachment":[{"href":"https:\/\/modest-napier.216-250-124-103.plesk.page\/index.php\/wp-json\/wp\/v2\/media?parent=6298"}],"wp:term":[{"taxonomy":"product_brand","embeddable":true,"href":"https:\/\/modest-napier.216-250-124-103.plesk.page\/index.php\/wp-json\/wp\/v2\/product_brand?post=6298"},{"taxonomy":"product_cat","embeddable":true,"href":"https:\/\/modest-napier.216-250-124-103.plesk.page\/index.php\/wp-json\/wp\/v2\/product_cat?post=6298"},{"taxonomy":"product_tag","embeddable":true,"href":"https:\/\/modest-napier.216-250-124-103.plesk.page\/index.php\/wp-json\/wp\/v2\/product_tag?post=6298"}],"curies":[{"name":"wp","href":"https:\/\/api.w.org\/{rel}","templated":true}]}}