{"id":6316,"date":"2025-09-24T20:00:25","date_gmt":"2025-09-24T20:00:25","guid":{"rendered":"https:\/\/modest-napier.216-250-124-103.plesk.page\/index.php\/producto\/tonico-capilar-minoxidil-5-bergamota-biotina-c-60-ml-shanaturals\/"},"modified":"2025-09-24T20:45:43","modified_gmt":"2025-09-24T20:45:43","slug":"tonico-capilar-minoxidil-5-bergamota-biotina-c-60-ml-shanaturals","status":"publish","type":"product","link":"https:\/\/modest-napier.216-250-124-103.plesk.page\/index.php\/producto\/tonico-capilar-minoxidil-5-bergamota-biotina-c-60-ml-shanaturals\/","title":{"rendered":"T\u00f3nico Capilar Minoxidil 5% 60 ml Shanatural&#8217;s"},"content":{"rendered":"<p data-mce-fragment=\"1\">Para la activaci\u00f3n del fol\u00edculo capilar anti-ca\u00edda contiende Bergamota Biotina y <a href=\"https:\/\/natuzem.com\/blogs\/salud-natural\/minoxidil-crecimiento-capilar\">minoxidil<\/a> al 5%. Estimula y ayuda al crecimiento del cabello.<\/p>\n","protected":false},"excerpt":{"rendered":"<p>Para la activaci\u00f3n del fol\u00edculo capilar anti-ca\u00edda contiende Bergamota Biotina y minoxidil al 5%. Estimula y ayuda al crecimiento del cabello.<\/p>\n","protected":false},"featured_media":2899,"comment_status":"open","ping_status":"closed","template":"","meta":[],"product_brand":[362],"product_cat":[289,294,337],"product_tag":[30,73,68],"class_list":{"0":"post-6316","1":"product","2":"type-product","3":"status-publish","4":"has-post-thumbnail","6":"product_brand-shanaturals","7":"product_cat-belleza","8":"product_cat-cuidado-de-la-barba","9":"product_cat-productos","10":"product_tag-bergamota","11":"product_tag-biotina","12":"product_tag-minoxidil","14":"first","15":"instock","16":"shipping-taxable","17":"purchasable","18":"product-type-simple"},"_links":{"self":[{"href":"https:\/\/modest-napier.216-250-124-103.plesk.page\/index.php\/wp-json\/wp\/v2\/product\/6316","targetHints":{"allow":["GET"]}}],"collection":[{"href":"https:\/\/modest-napier.216-250-124-103.plesk.page\/index.php\/wp-json\/wp\/v2\/product"}],"about":[{"href":"https:\/\/modest-napier.216-250-124-103.plesk.page\/index.php\/wp-json\/wp\/v2\/types\/product"}],"replies":[{"embeddable":true,"href":"https:\/\/modest-napier.216-250-124-103.plesk.page\/index.php\/wp-json\/wp\/v2\/comments?post=6316"}],"wp:featuredmedia":[{"embeddable":true,"href":"https:\/\/modest-napier.216-250-124-103.plesk.page\/index.php\/wp-json\/wp\/v2\/media\/2899"}],"wp:attachment":[{"href":"https:\/\/modest-napier.216-250-124-103.plesk.page\/index.php\/wp-json\/wp\/v2\/media?parent=6316"}],"wp:term":[{"taxonomy":"product_brand","embeddable":true,"href":"https:\/\/modest-napier.216-250-124-103.plesk.page\/index.php\/wp-json\/wp\/v2\/product_brand?post=6316"},{"taxonomy":"product_cat","embeddable":true,"href":"https:\/\/modest-napier.216-250-124-103.plesk.page\/index.php\/wp-json\/wp\/v2\/product_cat?post=6316"},{"taxonomy":"product_tag","embeddable":true,"href":"https:\/\/modest-napier.216-250-124-103.plesk.page\/index.php\/wp-json\/wp\/v2\/product_tag?post=6316"}],"curies":[{"name":"wp","href":"https:\/\/api.w.org\/{rel}","templated":true}]}}