{"id":6331,"date":"2025-09-24T20:00:47","date_gmt":"2025-09-24T20:00:47","guid":{"rendered":"https:\/\/modest-napier.216-250-124-103.plesk.page\/index.php\/producto\/tonico-rinones-c-1-lt-the-king\/"},"modified":"2025-09-24T20:43:52","modified_gmt":"2025-09-24T20:43:52","slug":"tonico-rinones","status":"publish","type":"product","link":"https:\/\/modest-napier.216-250-124-103.plesk.page\/index.php\/producto\/tonico-rinones\/","title":{"rendered":"T\u00f3nico Ri\u00f1ones 1 litro The King"},"content":{"rendered":"<p><strong>Descripci\u00f3n:<\/strong><br \/>Recomendado para enfermedades de ri\u00f1\u00f3n, orina, vejiga, c\u00e1lculos renales, infecciones de las v\u00edas urinarias, pr\u00f3stata, blenorragia, ardor, en la planta de los pies.<\/p>\n<p><strong>Modo de uso:<\/strong><br \/>Tomar 10 ml antes de cada comida.<\/p>\n<p><strong>Contenido:<\/strong><br \/> 1 Lt.<\/p>\n","protected":false},"excerpt":{"rendered":"<p>Descripci\u00f3n:Recomendado para enfermedades de ri\u00f1\u00f3n, orina, vejiga, c\u00e1lculos renales, infecciones de las v\u00edas urinarias, pr\u00f3stata, blenorragia, ardor, en la planta de los pies. Modo de uso:Tomar 10 ml antes de [&hellip;]<\/p>\n","protected":false},"featured_media":2916,"comment_status":"open","ping_status":"closed","template":"","meta":[],"product_brand":[391],"product_cat":[337,318],"product_tag":[],"class_list":{"0":"post-6331","1":"product","2":"type-product","3":"status-publish","4":"has-post-thumbnail","6":"product_brand-the-king","7":"product_cat-productos","8":"product_cat-salud","10":"first","11":"instock","12":"shipping-taxable","13":"purchasable","14":"product-type-simple"},"_links":{"self":[{"href":"https:\/\/modest-napier.216-250-124-103.plesk.page\/index.php\/wp-json\/wp\/v2\/product\/6331","targetHints":{"allow":["GET"]}}],"collection":[{"href":"https:\/\/modest-napier.216-250-124-103.plesk.page\/index.php\/wp-json\/wp\/v2\/product"}],"about":[{"href":"https:\/\/modest-napier.216-250-124-103.plesk.page\/index.php\/wp-json\/wp\/v2\/types\/product"}],"replies":[{"embeddable":true,"href":"https:\/\/modest-napier.216-250-124-103.plesk.page\/index.php\/wp-json\/wp\/v2\/comments?post=6331"}],"wp:featuredmedia":[{"embeddable":true,"href":"https:\/\/modest-napier.216-250-124-103.plesk.page\/index.php\/wp-json\/wp\/v2\/media\/2916"}],"wp:attachment":[{"href":"https:\/\/modest-napier.216-250-124-103.plesk.page\/index.php\/wp-json\/wp\/v2\/media?parent=6331"}],"wp:term":[{"taxonomy":"product_brand","embeddable":true,"href":"https:\/\/modest-napier.216-250-124-103.plesk.page\/index.php\/wp-json\/wp\/v2\/product_brand?post=6331"},{"taxonomy":"product_cat","embeddable":true,"href":"https:\/\/modest-napier.216-250-124-103.plesk.page\/index.php\/wp-json\/wp\/v2\/product_cat?post=6331"},{"taxonomy":"product_tag","embeddable":true,"href":"https:\/\/modest-napier.216-250-124-103.plesk.page\/index.php\/wp-json\/wp\/v2\/product_tag?post=6331"}],"curies":[{"name":"wp","href":"https:\/\/api.w.org\/{rel}","templated":true}]}}