{"id":7937,"date":"2025-12-10T01:24:10","date_gmt":"2025-12-10T01:24:10","guid":{"rendered":"https:\/\/modest-napier.216-250-124-103.plesk.page\/index.php\/producto\/vitamina-b1-l-teanina-y-curcuma\/"},"modified":"2025-12-10T01:24:11","modified_gmt":"2025-12-10T01:24:11","slug":"vitamina-b1-l-teanina-y-curcuma","status":"publish","type":"product","link":"https:\/\/modest-napier.216-250-124-103.plesk.page\/index.php\/producto\/vitamina-b1-l-teanina-y-curcuma\/","title":{"rendered":"Vitamina B1 + L Teanina y C\u00farcuma"},"content":{"rendered":"<p data-start=\"246\" data-end=\"497\">El suplemento de vitamina B1 con L-Teanina y c\u00farcuma contiene una f\u00f3rmula dise\u00f1ada para favorecer la producci\u00f3n de energ\u00eda, optimizar la funci\u00f3n nerviosa y respaldar la salud cardiovascular. La combinaci\u00f3n de <strong data-start=\"389\" data-end=\"404\">vitamina B1<\/strong>, <strong data-start=\"406\" data-end=\"419\">L-Teanina<\/strong> y <strong data-start=\"422\" data-end=\"433\">c\u00farcuma<\/strong> ofrece un enfoque integral para el bienestar f\u00edsico y mental.<strong data-start=\"499\" data-end=\"514\"><\/strong><\/p>\n","protected":false},"excerpt":{"rendered":"<p>El suplemento de vitamina B1 con L-Teanina y c\u00farcuma contiene una f\u00f3rmula dise\u00f1ada para favorecer la producci\u00f3n de energ\u00eda, optimizar la funci\u00f3n nerviosa y respaldar la salud cardiovascular. La combinaci\u00f3n [&hellip;]<\/p>\n","protected":false},"featured_media":7938,"comment_status":"open","ping_status":"closed","template":"","meta":[],"product_brand":[],"product_cat":[],"product_tag":[148,151,637,635,636],"class_list":{"0":"post-7937","1":"product","2":"type-product","3":"status-publish","4":"has-post-thumbnail","6":"product_tag-complejo-b","7":"product_tag-curcuma","8":"product_tag-l-teanina","9":"product_tag-naturals-by-marien","10":"product_tag-shopify-collective","12":"first","13":"outofstock","14":"shipping-taxable","15":"purchasable","16":"product-type-simple"},"_links":{"self":[{"href":"https:\/\/modest-napier.216-250-124-103.plesk.page\/index.php\/wp-json\/wp\/v2\/product\/7937","targetHints":{"allow":["GET"]}}],"collection":[{"href":"https:\/\/modest-napier.216-250-124-103.plesk.page\/index.php\/wp-json\/wp\/v2\/product"}],"about":[{"href":"https:\/\/modest-napier.216-250-124-103.plesk.page\/index.php\/wp-json\/wp\/v2\/types\/product"}],"replies":[{"embeddable":true,"href":"https:\/\/modest-napier.216-250-124-103.plesk.page\/index.php\/wp-json\/wp\/v2\/comments?post=7937"}],"wp:featuredmedia":[{"embeddable":true,"href":"https:\/\/modest-napier.216-250-124-103.plesk.page\/index.php\/wp-json\/wp\/v2\/media\/7938"}],"wp:attachment":[{"href":"https:\/\/modest-napier.216-250-124-103.plesk.page\/index.php\/wp-json\/wp\/v2\/media?parent=7937"}],"wp:term":[{"taxonomy":"product_brand","embeddable":true,"href":"https:\/\/modest-napier.216-250-124-103.plesk.page\/index.php\/wp-json\/wp\/v2\/product_brand?post=7937"},{"taxonomy":"product_cat","embeddable":true,"href":"https:\/\/modest-napier.216-250-124-103.plesk.page\/index.php\/wp-json\/wp\/v2\/product_cat?post=7937"},{"taxonomy":"product_tag","embeddable":true,"href":"https:\/\/modest-napier.216-250-124-103.plesk.page\/index.php\/wp-json\/wp\/v2\/product_tag?post=7937"}],"curies":[{"name":"wp","href":"https:\/\/api.w.org\/{rel}","templated":true}]}}